{"id":2033,"date":"2026-02-11T18:08:45","date_gmt":"2026-02-11T18:08:45","guid":{"rendered":"http:\/\/www.studiokokos.cz\/wp-content\/uploads\/2026\/02\/Oblastni-kolo-detske-Porty-25-Prispevek-na-Facebooku.png"},"modified":"2026-02-11T18:08:45","modified_gmt":"2026-02-11T18:08:45","slug":"oblastni-kolo-detske-porty-25-prispevek-na-facebooku","status":"inherit","type":"attachment","link":"https:\/\/www.studiokokos.cz\/index.php\/sample-page\/oblastni-kolo-detske-porty-25-prispevek-na-facebooku\/","title":{"rendered":"Oblastn\u00ed kolo d\u011btsk\u00e9 Porty 25 (P\u0159\u00edsp\u011bvek na Facebooku)"},"author":1,"comment_status":"closed","ping_status":"closed","template":"","meta":{"spay_email":""},"description":{"rendered":"<p class=\"attachment\"><a href='https:\/\/www.studiokokos.cz\/wp-content\/uploads\/2026\/02\/Oblastni-kolo-detske-Porty-25-Prispevek-na-Facebooku.png'><img width=\"300\" height=\"251\" src=\"https:\/\/www.studiokokos.cz\/wp-content\/uploads\/2026\/02\/Oblastni-kolo-detske-Porty-25-Prispevek-na-Facebooku-300x251.png\" class=\"attachment-medium size-medium\" alt=\"\" loading=\"lazy\" srcset=\"https:\/\/www.studiokokos.cz\/wp-content\/uploads\/2026\/02\/Oblastni-kolo-detske-Porty-25-Prispevek-na-Facebooku-300x251.png 300w, https:\/\/www.studiokokos.cz\/wp-content\/uploads\/2026\/02\/Oblastni-kolo-detske-Porty-25-Prispevek-na-Facebooku-768x644.png 768w, https:\/\/www.studiokokos.cz\/wp-content\/uploads\/2026\/02\/Oblastni-kolo-detske-Porty-25-Prispevek-na-Facebooku-358x300.png 358w, https:\/\/www.studiokokos.cz\/wp-content\/uploads\/2026\/02\/Oblastni-kolo-detske-Porty-25-Prispevek-na-Facebooku.png 940w\" sizes=\"(max-width: 300px) 100vw, 300px\" \/><\/a><\/p>\n"},"caption":{"rendered":""},"alt_text":"","media_type":"image","mime_type":"image\/png","media_details":{"width":940,"height":788,"file":"2026\/02\/Oblastni-kolo-detske-Porty-25-Prispevek-na-Facebooku.png","sizes":{"medium":{"file":"Oblastni-kolo-detske-Porty-25-Prispevek-na-Facebooku-300x251.png","width":300,"height":251,"mime_type":"image\/png","source_url":"https:\/\/www.studiokokos.cz\/wp-content\/uploads\/2026\/02\/Oblastni-kolo-detske-Porty-25-Prispevek-na-Facebooku-300x251.png"},"thumbnail":{"file":"Oblastni-kolo-detske-Porty-25-Prispevek-na-Facebooku-150x150.png","width":150,"height":150,"mime_type":"image\/png","source_url":"https:\/\/www.studiokokos.cz\/wp-content\/uploads\/2026\/02\/Oblastni-kolo-detske-Porty-25-Prispevek-na-Facebooku-150x150.png"},"medium_large":{"file":"Oblastni-kolo-detske-Porty-25-Prispevek-na-Facebooku-768x644.png","width":768,"height":644,"mime_type":"image\/png","source_url":"https:\/\/www.studiokokos.cz\/wp-content\/uploads\/2026\/02\/Oblastni-kolo-detske-Porty-25-Prispevek-na-Facebooku-768x644.png"},"post-thumbnail":{"file":"Oblastni-kolo-detske-Porty-25-Prispevek-na-Facebooku-940x288.png","width":940,"height":288,"mime_type":"image\/png","source_url":"https:\/\/www.studiokokos.cz\/wp-content\/uploads\/2026\/02\/Oblastni-kolo-detske-Porty-25-Prispevek-na-Facebooku-940x288.png"},"large-feature":{"file":"Oblastni-kolo-detske-Porty-25-Prispevek-na-Facebooku-940x288.png","width":940,"height":288,"mime_type":"image\/png","source_url":"https:\/\/www.studiokokos.cz\/wp-content\/uploads\/2026\/02\/Oblastni-kolo-detske-Porty-25-Prispevek-na-Facebooku-940x288.png"},"small-feature":{"file":"Oblastni-kolo-detske-Porty-25-Prispevek-na-Facebooku-358x300.png","width":358,"height":300,"mime_type":"image\/png","source_url":"https:\/\/www.studiokokos.cz\/wp-content\/uploads\/2026\/02\/Oblastni-kolo-detske-Porty-25-Prispevek-na-Facebooku-358x300.png"},"woocommerce_thumbnail":{"file":"Oblastni-kolo-detske-Porty-25-Prispevek-na-Facebooku-150x150.png","width":150,"height":150,"uncropped":false,"mime_type":"image\/png","source_url":"https:\/\/www.studiokokos.cz\/wp-content\/uploads\/2026\/02\/Oblastni-kolo-detske-Porty-25-Prispevek-na-Facebooku-150x150.png"},"woocommerce_single":{"file":"Oblastni-kolo-detske-Porty-25-Prispevek-na-Facebooku-300x251.png","width":300,"height":251,"mime_type":"image\/png","source_url":"https:\/\/www.studiokokos.cz\/wp-content\/uploads\/2026\/02\/Oblastni-kolo-detske-Porty-25-Prispevek-na-Facebooku-300x251.png"},"woocommerce_gallery_thumbnail":{"file":"Oblastni-kolo-detske-Porty-25-Prispevek-na-Facebooku-100x100.png","width":100,"height":100,"mime_type":"image\/png","source_url":"https:\/\/www.studiokokos.cz\/wp-content\/uploads\/2026\/02\/Oblastni-kolo-detske-Porty-25-Prispevek-na-Facebooku-100x100.png"},"shop_catalog":{"file":"Oblastni-kolo-detske-Porty-25-Prispevek-na-Facebooku-150x150.png","width":150,"height":150,"mime_type":"image\/png","source_url":"https:\/\/www.studiokokos.cz\/wp-content\/uploads\/2026\/02\/Oblastni-kolo-detske-Porty-25-Prispevek-na-Facebooku-150x150.png"},"shop_single":{"file":"Oblastni-kolo-detske-Porty-25-Prispevek-na-Facebooku-300x251.png","width":300,"height":251,"mime_type":"image\/png","source_url":"https:\/\/www.studiokokos.cz\/wp-content\/uploads\/2026\/02\/Oblastni-kolo-detske-Porty-25-Prispevek-na-Facebooku-300x251.png"},"shop_thumbnail":{"file":"Oblastni-kolo-detske-Porty-25-Prispevek-na-Facebooku-100x100.png","width":100,"height":100,"mime_type":"image\/png","source_url":"https:\/\/www.studiokokos.cz\/wp-content\/uploads\/2026\/02\/Oblastni-kolo-detske-Porty-25-Prispevek-na-Facebooku-100x100.png"},"full":{"file":"Oblastni-kolo-detske-Porty-25-Prispevek-na-Facebooku.png","width":940,"height":788,"mime_type":"image\/png","source_url":"https:\/\/www.studiokokos.cz\/wp-content\/uploads\/2026\/02\/Oblastni-kolo-detske-Porty-25-Prispevek-na-Facebooku.png"}},"image_meta":{"aperture":"0","credit":"","camera":"","caption":"","created_timestamp":"0","copyright":"","focal_length":"0","iso":"0","shutter_speed":"0","title":"","orientation":"0","keywords":[]}},"post":2,"source_url":"https:\/\/www.studiokokos.cz\/wp-content\/uploads\/2026\/02\/Oblastni-kolo-detske-Porty-25-Prispevek-na-Facebooku.png","_links":{"self":[{"href":"https:\/\/www.studiokokos.cz\/index.php\/wp-json\/wp\/v2\/media\/2033"}],"collection":[{"href":"https:\/\/www.studiokokos.cz\/index.php\/wp-json\/wp\/v2\/media"}],"about":[{"href":"https:\/\/www.studiokokos.cz\/index.php\/wp-json\/wp\/v2\/types\/attachment"}],"author":[{"embeddable":true,"href":"https:\/\/www.studiokokos.cz\/index.php\/wp-json\/wp\/v2\/users\/1"}],"replies":[{"embeddable":true,"href":"https:\/\/www.studiokokos.cz\/index.php\/wp-json\/wp\/v2\/comments?post=2033"}]}}

Oblastní kolo dětské Porty 25 (Příspěvek na Facebooku)
