{"id":783,"date":"2020-06-02T19:51:31","date_gmt":"2020-06-02T19:51:31","guid":{"rendered":"http:\/\/www.studiokokos.cz\/wp-content\/uploads\/2020\/06\/Plak\u00e1t-V\u00edkend-Mo\u0159e-s-plachetnic\u00ed-Modr\u00e1.jpg"},"modified":"2020-06-02T19:51:31","modified_gmt":"2020-06-02T19:51:31","slug":"plakat-vikend-more-s-plachetnici-modra","status":"inherit","type":"attachment","link":"https:\/\/www.studiokokos.cz\/?attachment_id=783","title":{"rendered":"Plak\u00e1t V\u00edkend Mo\u0159e s plachetnic\u00ed Modr\u00e1"},"author":1,"comment_status":"closed","ping_status":"closed","template":"","meta":{"spay_email":""},"description":{"rendered":"<p class=\"attachment\"><a href='https:\/\/www.studiokokos.cz\/wp-content\/uploads\/2020\/06\/Plak\u00e1t-V\u00edkend-Mo\u0159e-s-plachetnic\u00ed-Modr\u00e1-scaled.jpg'><img width=\"212\" height=\"300\" src=\"https:\/\/www.studiokokos.cz\/wp-content\/uploads\/2020\/06\/Plak\u00e1t-V\u00edkend-Mo\u0159e-s-plachetnic\u00ed-Modr\u00e1-212x300.jpg\" class=\"attachment-medium size-medium\" alt=\"\" loading=\"lazy\" srcset=\"https:\/\/www.studiokokos.cz\/wp-content\/uploads\/2020\/06\/Plak\u00e1t-V\u00edkend-Mo\u0159e-s-plachetnic\u00ed-Modr\u00e1-212x300.jpg 212w, https:\/\/www.studiokokos.cz\/wp-content\/uploads\/2020\/06\/Plak\u00e1t-V\u00edkend-Mo\u0159e-s-plachetnic\u00ed-Modr\u00e1-300x424.jpg 300w, https:\/\/www.studiokokos.cz\/wp-content\/uploads\/2020\/06\/Plak\u00e1t-V\u00edkend-Mo\u0159e-s-plachetnic\u00ed-Modr\u00e1-768x1086.jpg 768w, https:\/\/www.studiokokos.cz\/wp-content\/uploads\/2020\/06\/Plak\u00e1t-V\u00edkend-Mo\u0159e-s-plachetnic\u00ed-Modr\u00e1-724x1024.jpg 724w, https:\/\/www.studiokokos.cz\/wp-content\/uploads\/2020\/06\/Plak\u00e1t-V\u00edkend-Mo\u0159e-s-plachetnic\u00ed-Modr\u00e1-scaled.jpg 1810w\" sizes=\"(max-width: 212px) 100vw, 212px\" \/><\/a><\/p>\n"},"caption":{"rendered":""},"alt_text":"","media_type":"image","mime_type":"image\/jpeg","media_details":{"width":1810,"height":2560,"file":"2020\/06\/Plak\u00e1t-V\u00edkend-Mo\u0159e-s-plachetnic\u00ed-Modr\u00e1-scaled.jpg","sizes":{"woocommerce_thumbnail":{"file":"Plak\u00e1t-V\u00edkend-Mo\u0159e-s-plachetnic\u00ed-Modr\u00e1-150x150.jpg","width":150,"height":150,"uncropped":false,"mime_type":"image\/jpeg","source_url":"https:\/\/www.studiokokos.cz\/wp-content\/uploads\/2020\/06\/Plak\u00e1t-V\u00edkend-Mo\u0159e-s-plachetnic\u00ed-Modr\u00e1-150x150.jpg"},"woocommerce_gallery_thumbnail":{"file":"Plak\u00e1t-V\u00edkend-Mo\u0159e-s-plachetnic\u00ed-Modr\u00e1-100x100.jpg","width":100,"height":100,"mime_type":"image\/jpeg","source_url":"https:\/\/www.studiokokos.cz\/wp-content\/uploads\/2020\/06\/Plak\u00e1t-V\u00edkend-Mo\u0159e-s-plachetnic\u00ed-Modr\u00e1-100x100.jpg"},"woocommerce_single":{"file":"Plak\u00e1t-V\u00edkend-Mo\u0159e-s-plachetnic\u00ed-Modr\u00e1-300x424.jpg","width":300,"height":424,"mime_type":"image\/jpeg","source_url":"https:\/\/www.studiokokos.cz\/wp-content\/uploads\/2020\/06\/Plak\u00e1t-V\u00edkend-Mo\u0159e-s-plachetnic\u00ed-Modr\u00e1-300x424.jpg"},"thumbnail":{"file":"Plak\u00e1t-V\u00edkend-Mo\u0159e-s-plachetnic\u00ed-Modr\u00e1-150x150.jpg","width":150,"height":150,"mime_type":"image\/jpeg","source_url":"https:\/\/www.studiokokos.cz\/wp-content\/uploads\/2020\/06\/Plak\u00e1t-V\u00edkend-Mo\u0159e-s-plachetnic\u00ed-Modr\u00e1-150x150.jpg"},"medium":{"file":"Plak\u00e1t-V\u00edkend-Mo\u0159e-s-plachetnic\u00ed-Modr\u00e1-212x300.jpg","width":212,"height":300,"mime_type":"image\/jpeg","source_url":"https:\/\/www.studiokokos.cz\/wp-content\/uploads\/2020\/06\/Plak\u00e1t-V\u00edkend-Mo\u0159e-s-plachetnic\u00ed-Modr\u00e1-212x300.jpg"},"medium_large":{"file":"Plak\u00e1t-V\u00edkend-Mo\u0159e-s-plachetnic\u00ed-Modr\u00e1-768x1086.jpg","width":768,"height":1086,"mime_type":"image\/jpeg","source_url":"https:\/\/www.studiokokos.cz\/wp-content\/uploads\/2020\/06\/Plak\u00e1t-V\u00edkend-Mo\u0159e-s-plachetnic\u00ed-Modr\u00e1-768x1086.jpg"},"large":{"file":"Plak\u00e1t-V\u00edkend-Mo\u0159e-s-plachetnic\u00ed-Modr\u00e1-724x1024.jpg","width":724,"height":1024,"mime_type":"image\/jpeg","source_url":"https:\/\/www.studiokokos.cz\/wp-content\/uploads\/2020\/06\/Plak\u00e1t-V\u00edkend-Mo\u0159e-s-plachetnic\u00ed-Modr\u00e1-724x1024.jpg"},"post-thumbnail":{"file":"Plak\u00e1t-V\u00edkend-Mo\u0159e-s-plachetnic\u00ed-Modr\u00e1-1000x288.jpg","width":1000,"height":288,"mime_type":"image\/jpeg","source_url":"https:\/\/www.studiokokos.cz\/wp-content\/uploads\/2020\/06\/Plak\u00e1t-V\u00edkend-Mo\u0159e-s-plachetnic\u00ed-Modr\u00e1-1000x288.jpg"},"large-feature":{"file":"Plak\u00e1t-V\u00edkend-Mo\u0159e-s-plachetnic\u00ed-Modr\u00e1-1000x288.jpg","width":1000,"height":288,"mime_type":"image\/jpeg","source_url":"https:\/\/www.studiokokos.cz\/wp-content\/uploads\/2020\/06\/Plak\u00e1t-V\u00edkend-Mo\u0159e-s-plachetnic\u00ed-Modr\u00e1-1000x288.jpg"},"small-feature":{"file":"Plak\u00e1t-V\u00edkend-Mo\u0159e-s-plachetnic\u00ed-Modr\u00e1-212x300.jpg","width":212,"height":300,"mime_type":"image\/jpeg","source_url":"https:\/\/www.studiokokos.cz\/wp-content\/uploads\/2020\/06\/Plak\u00e1t-V\u00edkend-Mo\u0159e-s-plachetnic\u00ed-Modr\u00e1-212x300.jpg"},"full":{"file":"Plak\u00e1t-V\u00edkend-Mo\u0159e-s-plachetnic\u00ed-Modr\u00e1-scaled.jpg","width":1810,"height":2560,"mime_type":"image\/jpeg","source_url":"https:\/\/www.studiokokos.cz\/wp-content\/uploads\/2020\/06\/Plak\u00e1t-V\u00edkend-Mo\u0159e-s-plachetnic\u00ed-Modr\u00e1-scaled.jpg"}},"image_meta":{"aperture":"0","credit":"","camera":"","caption":"","created_timestamp":"0","copyright":"","focal_length":"0","iso":"0","shutter_speed":"0","title":"","orientation":"0","keywords":[]},"original_image":"Plak\u00e1t-V\u00edkend-Mo\u0159e-s-plachetnic\u00ed-Modr\u00e1.jpg"},"post":60,"source_url":"https:\/\/www.studiokokos.cz\/wp-content\/uploads\/2020\/06\/Plak\u00e1t-V\u00edkend-Mo\u0159e-s-plachetnic\u00ed-Modr\u00e1-scaled.jpg","_links":{"self":[{"href":"https:\/\/www.studiokokos.cz\/index.php\/wp-json\/wp\/v2\/media\/783"}],"collection":[{"href":"https:\/\/www.studiokokos.cz\/index.php\/wp-json\/wp\/v2\/media"}],"about":[{"href":"https:\/\/www.studiokokos.cz\/index.php\/wp-json\/wp\/v2\/types\/attachment"}],"author":[{"embeddable":true,"href":"https:\/\/www.studiokokos.cz\/index.php\/wp-json\/wp\/v2\/users\/1"}],"replies":[{"embeddable":true,"href":"https:\/\/www.studiokokos.cz\/index.php\/wp-json\/wp\/v2\/comments?post=783"}]}}

http://www.studiokokos.cz/wp-content/uploads/2020/06/Plakát-Víkend-Moře-s-plachetnicí-Modrá.jpg

Plakát Víkend Moře s plachetnicí Modrá

<p class="attachment"><a href='https://www.studiokokos.cz/wp-content/uploads/2020/06/Plakát-Víkend-Moře-s-plachetnicí-Modrá-scaled.jpg'><img width="212" height="300" src="https://www.studiokokos.cz/wp-content/uploads/2020/06/Plakát-Víkend-Moře-s-plachetnicí-Modrá-212x300.jpg" class="attachment-medium size-medium" alt="" loading="lazy" srcset="https://www.studiokokos.cz/wp-content/uploads/2020/06/Plakát-Víkend-Moře-s-plachetnicí-Modrá-212x300.jpg 212w, https://www.studiokokos.cz/wp-content/uploads/2020/06/Plakát-Víkend-Moře-s-plachetnicí-Modrá-300x424.jpg 300w, https://www.studiokokos.cz/wp-content/uploads/2020/06/Plakát-Víkend-Moře-s-plachetnicí-Modrá-768x1086.jpg 768w, https://www.studiokokos.cz/wp-content/uploads/2020/06/Plakát-Víkend-Moře-s-plachetnicí-Modrá-724x1024.jpg 724w, https://www.studiokokos.cz/wp-content/uploads/2020/06/Plakát-Víkend-Moře-s-plachetnicí-Modrá-scaled.jpg 1810w" sizes="(max-width: 212px) 100vw, 212px" /></a></p>

2020/06/Plakát-Víkend-Moře-s-plachetnicí-Modrá-scaled.jpg

Plakát-Víkend-Moře-s-plachetnicí-Modrá-150x150.jpg

https://www.studiokokos.cz/wp-content/uploads/2020/06/Plakát-Víkend-Moře-s-plachetnicí-Modrá-150x150.jpg

Plakát-Víkend-Moře-s-plachetnicí-Modrá-100x100.jpg

https://www.studiokokos.cz/wp-content/uploads/2020/06/Plakát-Víkend-Moře-s-plachetnicí-Modrá-100x100.jpg

Plakát-Víkend-Moře-s-plachetnicí-Modrá-300x424.jpg

https://www.studiokokos.cz/wp-content/uploads/2020/06/Plakát-Víkend-Moře-s-plachetnicí-Modrá-300x424.jpg

Plakát-Víkend-Moře-s-plachetnicí-Modrá-212x300.jpg

https://www.studiokokos.cz/wp-content/uploads/2020/06/Plakát-Víkend-Moře-s-plachetnicí-Modrá-212x300.jpg

Plakát-Víkend-Moře-s-plachetnicí-Modrá-768x1086.jpg

https://www.studiokokos.cz/wp-content/uploads/2020/06/Plakát-Víkend-Moře-s-plachetnicí-Modrá-768x1086.jpg

Plakát-Víkend-Moře-s-plachetnicí-Modrá-724x1024.jpg

https://www.studiokokos.cz/wp-content/uploads/2020/06/Plakát-Víkend-Moře-s-plachetnicí-Modrá-724x1024.jpg

Plakát-Víkend-Moře-s-plachetnicí-Modrá-1000x288.jpg

https://www.studiokokos.cz/wp-content/uploads/2020/06/Plakát-Víkend-Moře-s-plachetnicí-Modrá-1000x288.jpg

Plakát-Víkend-Moře-s-plachetnicí-Modrá-scaled.jpg

https://www.studiokokos.cz/wp-content/uploads/2020/06/Plakát-Víkend-Moře-s-plachetnicí-Modrá-scaled.jpg

Plakát-Víkend-Moře-s-plachetnicí-Modrá.jpg
