{"id":143,"date":"2018-02-16T14:10:12","date_gmt":"2018-02-16T14:10:12","guid":{"rendered":"http:\/\/www.studiokokos.cz\/?page_id=143"},"modified":"2020-02-28T12:54:57","modified_gmt":"2020-02-28T12:54:57","slug":"odehrane-akce","status":"publish","type":"page","link":"https:\/\/www.studiokokos.cz\/index.php\/odehrane-akce\/","title":{"rendered":"Odehran\u00e9 akce"},"content":{"rendered":"<p><strong>ROK 2019<\/strong><\/p>\n<p style=\"text-align: left;\">11.1. Ples Liaz &#8211; v Eurocentru. celove\u010dern\u00ed hudebn\u00ed produkce.<\/p>\n<p style=\"text-align: left;\">24.1. Liberec &#8211; Kino Var\u0161ava &#8211; vernis\u00e1\u017e kalend\u00e1\u0159e Slan\u00fdch \u017een.<br \/>\n(charitativn\u00ed akce pro CF klub). Vystoup\u00ed Sbor studia Kokos a s\u00f3list\u00e9.<\/p>\n<p style=\"text-align: left;\">25.-26.1. Plze\u0148 &#8211; fin\u00e1le Zlat\u00e9 Struny<br \/>\n<span style=\"color: #000080;\"><em>3.m\u00edsto &#8211; Tom\u00e1\u0161 Doktor<br \/>\n<\/em><\/span><span style=\"color: #000080;\"><em>2.m\u00edsto v autorsk\u00e9 sout\u011b\u017ei &#8211; Eli\u0161ka Jarou\u0161ov\u00e1<\/em><\/span><br \/>\n<span style=\"color: #000080;\"><em>ocen\u011bn\u00ed za originalitu &#8211; Tom\u00e1\u0161 Hejkal<br \/>\nnad\u011bje struny &#8211; Eli\u0161ka Jarou\u0161ov\u00e1<\/em><\/span><\/p>\n<p style=\"text-align: left;\">1.-3.2. Fin\u00e1le FolkyTonk v Praze v Bohnic\u00edch.<br \/>\n<span style=\"color: #333399;\">Vendy Salabov\u00e1 &#8211; 3.misto<\/span><br \/>\n<span style=\"color: #333399;\">Ornament &#8211; 3.misto\u00a0<\/span><br \/>\n<span style=\"color: #333399;\">BlueNight &#8211; 3.misto\u00a0<\/span><br \/>\n<span style=\"color: #333399;\">Golden Creek &#8211; 2.misto a absolutn\u00ed v\u00edt\u011bz<span class=\"text_exposed_show\"><br \/>\nTom Hejky &#8211; nejz\u00e1bavn\u011bj\u0161\u00ed vykon<br \/>\nVojta \u0160lajs -instrument\u00e1ln\u00ed vykon<\/span><\/span><\/p>\n<p style=\"text-align: left;\">15.3. open mic u Grace (Liberec)<br \/>\n(Petra Ouhelov\u00e1 a Annie \u0160kodov\u00e1)<\/p>\n<p style=\"text-align: left;\">27.3.-28.3. Workshop na cajon s Michaelem C\u00e1bou.<\/p>\n<p style=\"text-align: left;\">5.-7.4. Hudebn\u00ed v\u00edkend &#8211; NEBESK\u00dd<\/p>\n<p style=\"text-align: left;\">5.4. Liberec &#8211; obch\u016fdek V Hrsti<br \/>\n(Petra Ouhelov\u00e1 a Annie \u0160kodov\u00e1)<\/p>\n<p style=\"text-align: left;\">13.4. Porta &#8211; severo\u010desk\u00e9 p\u0159edkolo Porty &#8211; Klub Na Ramp\u011b<\/p>\n<p style=\"text-align: left;\">14.4. Severo\u010desk\u00e9 p\u0159edkolo D\u011btsk\u00e9 Porty &#8211; Klub Na Ramp\u011b<\/p>\n<p style=\"text-align: left;\">17.4. Velikono\u010dn\u00ed slavnosti &#8211; Jablonec nad Nisou &#8211; 12:15<\/p>\n<p style=\"text-align: left;\">4.5. Narozkyfest &#8211; soukrom\u00e1 akce<\/p>\n<p style=\"text-align: left;\">16.5. Praha &#8211; vernis\u00e1\u017e &#8211;\u00a0prazska Tripartit Galerie a studio Evans<br \/>\n(Petra Ouhelov\u00e1 a Annie \u0160kodov\u00e1)<\/p>\n<p style=\"text-align: left;\">18.5. &#8211; D\u011btsk\u00e1 Porta &#8211; fin\u00e1le v Krom\u011b\u0159\u00ed\u017ei<br \/>\n<span style=\"color: #333399;\">Eli\u0161ka Jarou\u0161ov\u00e1 &#8211; 2.m\u00edsto<\/span><br \/>\n<span style=\"color: #333399;\">Nikola Dom\u00e1c\u00ed &#8211; 2.m\u00edsto<\/span><br \/>\n<span style=\"color: #333399;\">Tom\u00e1\u0161 Hejkal &#8211; 3.m\u00edsto<\/span><br \/>\n<span style=\"color: #333399;\">Ornament a Tom\u00e1\u0161 Doktor &#8211; \u00fa\u010dast<\/span><\/p>\n<p style=\"text-align: left;\">30.5. Knihovna Jbc &#8211; vyhla\u0161ov\u00e1n\u00ed sout\u011b\u017ee<\/p>\n<p style=\"text-align: left;\">7.6. John Silver na Kokosu &#8211; Sbor jako host\u00e9 bigb\u00edtov\u00e9 kapely &#8211; Na Ramp\u011b<\/p>\n<p style=\"text-align: left;\">8.6. Trhy na Dobr\u00e9 Vod\u011b &#8211; lesn\u00ed \u0161kolka<\/p>\n<p style=\"text-align: left;\">9.6. Godyho Memorial &#8211; organiza\u010dn\u00ed v\u00fdpomoc &#8211; indi\u00e1nsk\u00e9 stanovi\u0161t\u011b<\/p>\n<p style=\"text-align: left;\">14.6. Interporta 2019 &#8211; Usti n\/L &#8211; kapela Golden Creek<\/p>\n<p style=\"text-align: left;\">14.6. Zahradn\u00ed slavnost &#8211; Vik\u00fd\u0159<br \/>\n(Tom\u00e1\u0161 Doktor a Tom\u00e1\u0161 Hejkal)<\/p>\n<p style=\"text-align: left;\">15.6. Sloupsk\u00fd FolkyTonk &#8211; festival ve Sloupu v \u010cech\u00e1ch<br \/>\n(vystoup\u00ed Ornament, Tom\u00e1\u0161 Hejkal a Golden Creek)<\/p>\n<p style=\"text-align: left;\">16.6. Den otc\u016f &#8211; Tajvan (Jablonec nad Nisou)<br \/>\n(Ane\u017eka Pal\u00e1nov\u00e1, Tom\u00e1\u0161 Hejkal, K\u00e1ja Rudolfov\u00e1 a Eli\u0161ka Jarou\u0161ov\u00e1)<\/p>\n<p style=\"text-align: left;\"><strong>20.6. Z\u00e1v\u011bre\u010dn\u00fd koncert SBORU Studia Kokos &#8211; pivovar Volt<\/strong><br \/>\n(u jabloneck\u00e9 p\u0159ehrady, outdoor koncert, oslava konce \u0161koln\u00edho roku)<\/p>\n<p style=\"text-align: left;\">21.6. Firemn\u00ed akce &#8211; Atrea Jablonec n\/N<\/p>\n<p style=\"text-align: left;\">25.-31.8. Hudebn\u00ed t\u00e1bor v Rakousech<\/p>\n<p style=\"text-align: left;\">5.9. Krou\u017ekofest &#8211; OC Central v Jablonci n. N.<\/p>\n<p style=\"text-align: left;\">8.9. busking &#8211; v \u017ditav\u011b &#8211; Tatrhy<\/p>\n<p style=\"text-align: left;\">15.9. Tatrhy v JBC u p\u0159ehrady<\/p>\n<p><strong>ROK 2018<\/strong><\/p>\n<p>17.1. Vernis\u00e1\u017e Slan\u00e9 \u017eeny &#8211; Liberec (Vendy Salabov\u00e1)<br \/>\n27.1. M\u011bstsk\u00fd ples Jablonec nad Nisou &#8211; uv\u00edtac\u00ed blok Studia Kokos<br \/>\n27. a 28.2. vystoupen\u00ed pro seniory v Jbc &#8211; Klub senior\u016f Opletalka, Kokon\u00edn a Bo\u017eenka<br \/>\n16. a 17.3. Euroregion Tour Jablonec nad Nisou<br \/>\n19.3. Zah\u00e1jen\u00ed film.festivalu Jeden sv\u011bt &#8211; Klub Na Ramp\u011b (Sbor Studia Kokos)<\/p>\n<p>16. a 17. 3. &#8211; Euroregion Tour 2018 (Eurocentrum)<\/p>\n<p>28. 3. Velikono\u010dn\u00ed trhy (Jablonec n\/N) 12:15-13:15<\/p>\n<p>7.4. Odemyk\u00e1n\u00ed Jizery &#8211; Plov\u00e1rna, Mal\u00e1 Sk\u00e1la<\/p>\n<p>13. &#8211; 15. 4. Hudebn\u00ed v\u00edkend na Kr\u00e1sn\u00e9<\/p>\n<p>19.4. vernis\u00e1\u017e Kl\u00e1ry Ma\u0161\u00ednov\u00e9 &#8211; La Kav\u00e1rna 17:00 (Vendy Salabov\u00e1)<\/p>\n<p>21. 4. PORTA p\u0159edkolo severn\u00ed \u010cechy<\/p>\n<p>22. 4. Folkov\u00fd Kv\u00edtek a D\u011btsk\u00e1 Porta\u00a0(severo\u010desk\u00e9 p\u0159edkolo &#8211; Jablonec nad Nisou)<\/p>\n<p>5. 5. Narozkyfest (Dobr\u00e1 Voda)<\/p>\n<p>12. 5. Folkov\u00fd Kv\u00edtek &#8211; Konopi\u0161t\u011b (fin\u00e1le)<\/p>\n<p>19. 5. 110 let \u010dinnosti Gym.Turnov &#8211; kapela Bluenight<\/p>\n<p>30.5. Lektorsk\u00fd koncert Studia Kokos a \u00a0Jack Pout s kapelou (UK)<\/p>\n<p>1. 6. Interporta &#8211; mezin\u00e1rodn\u00ed hudebn\u00ed festival &#8211;\u00a0kapela Bluenight<\/p>\n<p>8.6. Folkl\u00f3rn\u00ed festival &#8211; Eurocentrum<\/p>\n<p>10. 6. Godyho memorial &#8211; Liberec &#8211;\u00a0kapela Bluenight<\/p>\n<p>17. 6. Den otc\u016f &#8211; Tajvan, Jablonec nad Nisou<\/p>\n<p>23. &#8211; 27. 7. indi\u00e1nsk\u00fd p\u0159\u00edm\u011bstsk\u00fd t\u00e1bor<\/p>\n<p>28. 7. \u010cty\u0159l\u00edstek &#8211; bg festival &#8211; Ploukonice u Turnova &#8211;\u00a0kapela Bluenight<\/p>\n<p>26. &#8211; 31. 8. hudebn\u00ed soust\u0159ed\u011bn\u00ed Rakousy<\/p>\n<p>31.8. Koncert Studia Kokos na Pantheonu (Mal\u00e1 Sk\u00e1la)<\/p>\n<p>31. 8. &#8211; 2. 9. v\u00edkend pro rodi\u010de<\/p>\n<p>1.9. BlueNight na Mohelnick\u00e9m Dostavn\u00edku<\/p>\n<p>6.9. Krou\u017ekofest &#8211; OC Central Jablonec<\/p>\n<p>4.10. Jabloneck\u00e9 divadlo &#8211; Kokosbor &#8211; s Vrab\u010d\u00e1ky a Bohu\u0161em Matu\u0161em<\/p>\n<p>6.10. BlueNight &#8211; Ole\u0161nick\u00fd Kv\u00edtek &#8211; KD Ole\u0161nice (festival mlad\u00fdch muzikant\u016f)<\/p>\n<p>7.10. P\u0159edkola hudebn\u00edch sout\u011b\u017e\u00ed Br\u00e1na a FolkyTonk na Ramp\u011b<\/p>\n<p>5.10. AMOS &#8211; Veletrh vzd\u011bl\u00e1v\u00e1n\u00ed &#8211; zah\u00e1jen\u00ed 9:00 a dalsi dva 30min bloky v prubehu dne<\/p>\n<p>22.9. Podzimn\u00ed slavnosti &#8211; kapela BlueNight<\/p>\n<p>12.10. LADYBIRDS 20 let &#8211; kokosbor jako jeden z host\u016f ve\u010dera<\/p>\n<p>16. &#8211; 18.11. Hudebn\u00ed v\u00edkend na Kr\u00e1sn\u00e9<\/p>\n<p>11.11. Kytarov\u00e1 struna &#8211; severo\u010desk\u00e9 p\u0159edkolo, Klub Na Ramp\u011b<\/p>\n<p>24.11. Br\u00e1na &#8211; fin\u00e1le sout\u011b\u017ee v Brn\u011b<\/p>\n<p>2.12. 17:00 Lou\u010dn\u00e1 &#8211; adventn\u00ed koncert (Sbor Studia Kokos + s\u00f3list\u00e9)<\/p>\n<p>2.12. 13-17h Advent s Vik\u00fd\u0159em &#8211; Eurocentrum, JBC<\/p>\n<p>9.12. Mikul\u00e1\u0161sk\u00e1 akce &#8211; Babylon &#8211; firemn\u00ed akce<\/p>\n<p>12. a 18.12. t\u0159i vystoupen\u00ed pro seniorsk\u00e9 kluby v Jablonci n\/N<\/p>\n<p>16.12. 16:00 V\u00e1no\u010dn\u00ed bes\u00eddka Studia Kokos &#8211; Klub Na Ramp\u011b<\/p>\n<p>21.12. 20:00 dosp\u011bl\u00e1ck\u00e1 bes\u00eddka Studia Kokos, KD Kokon\u00edn<\/p>\n<p>24.12. 10:00 V\u00e1no\u010dn\u00ed kapli\u010dka na Dobr\u00e9 Vod\u011b<\/p>\n<p><strong>ROK 2017<\/strong><\/p>\n<p>l8.4. Porta (dosp\u011bl\u00e1ck\u00e1) &#8211; na Ramp\u011b<br \/>\n9.4. Folkov\u00fd Kv\u00edtel &#8211; p\u0159edkolo &#8211; na Ramp\u011b<br \/>\n12.4. &#8211; Velikono\u010dn\u00ed slavnosti Jablonec<br \/>\n30.6. &#8211; Hodkovice &#8211; \u010carod\u011bjky<br \/>\n6.5. Narozkyfest Dobr\u00e1 Voda<br \/>\n13.5. Folkov\u00fd Kv\u00edtek Konopi\u0161t\u011b (fin\u00e1le)<br \/>\n3.6. Liberec &#8211; den d\u011bt\u00ed<br \/>\n9.6. Jablonec &#8211; Folklorni festival<br \/>\n10.6. D\u011btsk\u00e1 Porta fin\u00e1le &#8211; Ostrava<br \/>\n13.6. Jablonec &#8211; Den zdravotn\u011b posti\u017een\u00fdch<br \/>\n18.6. Jablonec &#8211; Den otc\u016f<br \/>\n23.-28.7. indi\u00e1nsk\u00fd t\u00e1bor &#8211; Dobr\u00e1 Voda<br \/>\n27.8.-1.9. hudebn\u00ed t\u00e1bor &#8211; Rakousy<br \/>\n6.10. Veletrh AMOS &#8211; Jablonec n\/N<br \/>\n29.10. Br\u00e1na, FolkyTonk &#8211; p\u0159edkola, Jablonec n\/N<br \/>\n11.11. Kytarov\u00e1 Struna &#8211; p\u0159edkolo<br \/>\n25.11. Br\u00e1na &#8211; fin\u00e1le sout\u011b\u017ee (Brno)<br \/>\n1.12. Lektorsk\u00fd koncert &#8211; Rampa, Jablonec n\/N<br \/>\n14.12. Nymburk &#8211; host koncertu kapely Crossband<br \/>\n17.12. Bes\u00eddka Studia Kokos<br \/>\n24.12. V\u00e1no\u010dn\u00ed kapli\u010dka &#8211; Dobr\u00e1 Voda<\/p>\n<p><strong>ROK 2016<\/strong><\/p>\n<p>leden &#8211; fin\u00e1le D\u011btsk\u00e9 Porty (Praha)<br \/>\nb\u0159ezen &#8211; EuroregionTour (Jablonec)<br \/>\nb\u0159ezen &#8211; Velikono\u010dn\u00ed slavnosti (Jablonec)<br \/>\nduben &#8211; hudebn\u00ed v\u00edkend na Kr\u00e1sn\u00e9duben &#8211; p\u0159edkolo Folkov\u00e9ho Kv\u00edtku (Jbc)<br \/>\nkv\u011bten &#8211; Narozkyfest (Dobr\u00e1 Voda)<br \/>\nkv\u011bten &#8211; Folkov\u00fd Kv\u00edtek (Konopi\u0161t\u011b)<br \/>\n\u010derven &#8211; Den otc\u016f (Jablonec)<br \/>\n\u010derven &#8211; Folkl\u00f3rn\u00ed festival (Eurocentrum)<\/p>\n<p><strong>ROK 2015<\/strong><\/p>\n<p>\u010derven &#8211; Den otc\u016f (Jablonec)<br \/>\n\u010derven &#8211; Folkl\u00f3rn\u00ed festival (Eurocentrum)<br \/>\nkv\u011bten &#8211; D\u011btsk\u00fd den (Mar\u0161ovice)<br \/>\nkv\u011bten &#8211; Den rodiny (Jablonec)<br \/>\nkv\u011bten &#8211; fin\u00e1le Folkov\u00e9ho Kv\u00edtku (Konopi\u0161t\u011b)<br \/>\nkv\u011bten &#8211; Vernis\u00e1\u017e obraz\u016f Eurocentrum<br \/>\nkv\u011bten &#8211; Narozkyfest<br \/>\nduben &#8211; Velikono\u010dn\u00ed trhy (Jablonec)<br \/>\nb\u0159ezen &#8211; Klubov\u00e9 ve\u010dery (Nymburk)<br \/>\nb\u0159ezen &#8211; Euroregion Tour (Jablonec) <a href=\"http:\/\/studiokokos.rajce.idnes.cz\/EuroregionTour_Jablonec_foto_Martin_Koubek\/\">FOTO<br \/>\n<\/a>leden &#8211; fin\u00e1le D\u011btsk\u00e9 Porty (Praha)<br \/>\nleden &#8211; fin\u00e1le Kytarov\u00e9 Struny (Plze\u0148)<\/p>\n<p><strong>ROK 2014<\/strong><\/p>\n<p>prosinec &#8211; V\u00e1no\u010dn\u00ed Bes\u00eddka na Ramp\u011b <a href=\"http:\/\/studiokokos.rajce.idnes.cz\/Vanocni_besidka_-_Rampa_6.12._fotky_Martin_Koubek\/\">FOTO<br \/>\n<\/a>listopad &#8211; fin\u00e1le sout\u011b\u017ee Br\u00e1na (Brno)<br \/>\nlistopad &#8211; p\u0159edkolo Kytarov\u00e9 Struny<br \/>\n\u0159\u00edjen 2014 &#8211; p\u0159edkolo Br\u00e1ny a D\u011btsk\u00e9 Porty <a href=\"http:\/\/livepage.apple.com\/\">foto<\/a> a <a href=\"http:\/\/marcusc.rajce.idnes.cz\/BRANA_A_DETSKA_PORTA_19.10.2014\/\">foto<\/a>\u0159\u00edjen 2014 &#8211; Ka\u0161tanohran\u00ed &#8211; Mar\u0161ovice<br \/>\n\u0159\u00edjen 2014 &#8211; zah\u00e1jen\u00ed vzd\u011bl\u00e1vac\u00edho veletrhu &#8211; \u00c1mos<br \/>\nz\u00e1\u0159\u00ed 2014 &#8211; Jablonec &#8211; Podzimn\u00ed slavnosti<br \/>\nsrpen 2014 &#8211; Bed\u0159ichovsk\u00e9 l\u00e9to, kostel<br \/>\n\u010dervenec 2014 &#8211; Koncert na hrad\u011b Grab\u0161tejn <a href=\"http:\/\/studiokokos.rajce.idnes.cz\/Cerna_Louze_14_-_Koncert_na_Grabstejne\/\">foto<br \/>\n<\/a>\u010derven 2014 &#8211; Letn\u00e1 &#8211; pro hluchoslep\u00e9<br \/>\n\u010derven 2014 &#8211; Den otc\u016f &#8211; Jablonec n\/N<br \/>\nkv\u011bten 2014 &#8211; fin\u00e1le Folkov\u00fd Kv\u00edtek &#8211; M. Pol\u00e1kov\u00e1<br \/>\nkv\u011bten 2014 &#8211; Narozkyfest<br \/>\nduben 2014 &#8211; Velikono\u010dn\u00ed slavnosti &#8211; Jablonec n\/N<br \/>\nb\u0159ezen 2014 &#8211; host\u00e9 obl.kola Porty &#8211; Rychnov u Jbc<br \/>\nleden 2014 &#8211; fin\u00e1le sout\u011b\u017ee D\u011btsk\u00e1 Porta &#8211; Praha<br \/>\nleden 2014 &#8211; fin\u00e1le sout\u011b\u017ee Kytarov\u00e1 struna &#8211; Plze\u0148<\/p>\n<p style=\"text-align: left;\"><strong>ROK 2013<\/strong><\/p>\n<p>&nbsp;<\/p>\n<p style=\"text-align: left;\">prosinec 2013 &#8211; Adventn\u00ed koncert v Lou\u010dn\u00e9 &#8211; <a href=\"http:\/\/alenavitova.rajce.idnes.cz\/Adventni_koncert_v_Loucne_-_KOKOS\/\">foto<br \/>\n<\/a>prosinec 2013 &#8211; V\u00e1no\u010dn\u00ed bes\u00eddka na R\u00e1dle &#8211; <a href=\"http:\/\/alenavitova.rajce.idnes.cz\/Kokosacka_vanocni_besidka_na_Radle\/\">foto<br \/>\n<\/a>listopad 2013 &#8211; fin\u00e1le Br\u00e1ny v Brn\u011b<br \/>\n\u0159\u00edjen 2013 &#8211; p\u0159edkolo D\u011btsk\u00e9 Porty a Br\u00e1ny &#8211; <a href=\"http:\/\/vitovageo.rajce.idnes.cz\/20131103-_Brana_-_Rychnov%2C_Rampa\/\">foto<br \/>\n<\/a>z\u00e1\u0159\u00ed 2013 &#8211; Jizersk\u00e1 nota &#8211; sout\u011b\u017e D\u011btsk\u00e1 Nota<br \/>\nz\u00e1\u0159\u00ed 2013 &#8211; Podzimn\u00ed Slavnosti<br \/>\nb\u0159ezen 2013 &#8211; P\u0159edkolo Folkov\u00e9ho Kv\u00edtku &#8211; <a href=\"http:\/\/vitovageo.rajce.idnes.cz\/20130414_-_Folkovy_kvitek_-_vyber\/\">foto<br \/>\n<\/a>leden 2013 &#8211; Fin\u00e1le D\u011btsk\u00e9 Porty &#8211; <a href=\"http:\/\/www.youtube.com\/watch?v=0hSby7m9cDQ&amp;list=PLf-S-x4aktpntZG9sCq_idPsAQeNWoeqB&amp;index=1\">video<\/a><\/p>\n<p><strong>ROK 2012<\/strong><\/p>\n<p>prosinec 2012 &#8211; V\u00e1no\u010dn\u00ed bes\u00eddka v Kokon\u00edn\u011b &#8211; <a href=\"http:\/\/vitovageo.rajce.idnes.cz\/20121222-Kokos-van._besidka\/\">foto<\/a><br \/>\n\u0159\u00edjen 2012 &#8211; P\u0159edkolo D\u011btsk\u00e9 Porty a Br\u00e1ny<br \/>\nz\u00e1\u0159\u00ed 2012 &#8211; Podzimn\u00ed slavnosti &#8211;<br \/>\nb\u0159ezen 2012 &#8211; P\u0159edkolo Folkov\u00e9ho Kv\u00edtku<br \/>\nleden 2012 &#8211; Fin\u00e1le D\u011btsk\u00e9 Porty &#8211; <a href=\"http:\/\/www.youtube.com\/watch?v=c5Wqs1eyaCc&amp;list=PLf-S-x4aktpntZG9sCq_idPsAQeNWoeqB\">video<\/a><\/p>\n<p><strong>ROK 2011<\/strong><\/p>\n<p>V\u00e1no\u010dn\u00ed bes\u00eddka v Kokon\u00edn\u011b &#8211; <a href=\"http:\/\/www.youtube.com\/watch?v=h0TvvvV4iFU&amp;list=PLf-S-x4aktpntZG9sCq_idPsAQeNWoeqB\">video<br \/>\n<\/a>P\u0159edkolo Br\u00e1ny &#8211; <a href=\"http:\/\/livepage.apple.com\/\">foto <\/a>a <a href=\"http:\/\/alenavitova.rajce.idnes.cz\/Predkolo_Brany_a_Detske_Porty_21.10.\/\">foto<br \/>\n<\/a>P\u0159edkolo Folkov\u00e9ho Kv\u00edtku &#8211; <a href=\"http:\/\/vitovageo.rajce.idnes.cz\/20110313-vyber_FK\/\">foto<\/a> a <a href=\"http:\/\/alenavitova.rajce.idnes.cz\/Folkovy_Kvitek_-_severoceske_predkolo\/\">foto<\/a><\/p>\n<p><strong>ROK 2010<\/strong><\/p>\n<p>P\u0159edkolo Br\u00e1ny &#8211; <a href=\"http:\/\/alenavitova.rajce.idnes.cz\/brana_severoceske_predkolo_2010\/\">foto<br \/>\n<\/a>P\u0159edkolo Folkov\u00e9ho Kv\u00edtku &#8211; <a href=\"http:\/\/vitovageo.rajce.idnes.cz\/20100322_-_Folk.kvitek_-_Jablonec\/\">foto<\/a><\/p>\n<p><strong>ROK 2008 a 2009<\/strong><\/p>\n<p>P\u0159edkolo Br\u00e1ny 2009 &#8211; <a href=\"http:\/\/vitovageo.rajce.idnes.cz\/20091010-Brana_-_KOKO\/\">foto<br \/>\n<\/a>P\u0159edkolo Br\u00e1ny 2008 &#8211; <a href=\"http:\/\/alenavitova.rajce.idnes.cz\/brana_2008\/\">foto<\/a><\/p>\n","protected":false},"excerpt":{"rendered":"<p>ROK 2019 11.1. Ples Liaz &#8211; v Eurocentru. celove\u010dern\u00ed hudebn\u00ed produkce. 24.1. Liberec &#8211; Kino Var\u0161ava &#8211; vernis\u00e1\u017e kalend\u00e1\u0159e Slan\u00fdch \u017een. (charitativn\u00ed akce pro CF klub). Vystoup\u00ed Sbor studia Kokos a s\u00f3list\u00e9. 25.-26.1. Plze\u0148 &#8211; fin\u00e1le Zlat\u00e9 Struny 3.m\u00edsto &#8211; &hellip; <a href=\"https:\/\/www.studiokokos.cz\/index.php\/odehrane-akce\/\">Cel\u00fd p\u0159\u00edsp\u011bvek <span class=\"meta-nav\">&rarr;<\/span><\/a><\/p>\n","protected":false},"author":1,"featured_media":0,"parent":0,"menu_order":0,"comment_status":"closed","ping_status":"closed","template":"","meta":{"spay_email":""},"_links":{"self":[{"href":"https:\/\/www.studiokokos.cz\/index.php\/wp-json\/wp\/v2\/pages\/143"}],"collection":[{"href":"https:\/\/www.studiokokos.cz\/index.php\/wp-json\/wp\/v2\/pages"}],"about":[{"href":"https:\/\/www.studiokokos.cz\/index.php\/wp-json\/wp\/v2\/types\/page"}],"author":[{"embeddable":true,"href":"https:\/\/www.studiokokos.cz\/index.php\/wp-json\/wp\/v2\/users\/1"}],"replies":[{"embeddable":true,"href":"https:\/\/www.studiokokos.cz\/index.php\/wp-json\/wp\/v2\/comments?post=143"}],"version-history":[{"count":0,"href":"https:\/\/www.studiokokos.cz\/index.php\/wp-json\/wp\/v2\/pages\/143\/revisions"}],"wp:attachment":[{"href":"https:\/\/www.studiokokos.cz\/index.php\/wp-json\/wp\/v2\/media?parent=143"}],"curies":[{"name":"wp","href":"https:\/\/api.w.org\/{rel}","templated":true}]}}