{"id":1566,"date":"2023-04-19T07:49:02","date_gmt":"2023-04-19T07:49:02","guid":{"rendered":"https:\/\/www.studiokokos.cz\/?page_id=1566"},"modified":"2023-06-01T13:25:30","modified_gmt":"2023-06-01T13:25:30","slug":"studio-kokos-10-let","status":"publish","type":"page","link":"https:\/\/www.studiokokos.cz\/index.php\/studio-kokos-10-let\/","title":{"rendered":"Studio KOKOS 10 let"},"content":{"rendered":"<p style=\"text-align: center;\"><span style=\"color: #3366ff;\"><strong>11.6. oslav\u00edme 10 let na\u0161eho fungov\u00e1n\u00ed!<\/strong><\/span><\/p>\n<div class=\"xdj266r x11i5rnm xat24cr x1mh8g0r x1vvkbs\" style=\"text-align: center;\">Velk\u00e1 oslava na\u0161ich kokos\u00edch kulatin!<br \/>\n\u010cek\u00e1 v\u00e1s bohat\u00fd hudebn\u00ed program a plno doprovodn\u00fdch aktivit! Popov\u00edd\u00e1me po letech nad star\u00fdmi fotografiemi z na\u0161ich za\u010d\u00e1tk\u016f?<\/div>\n<div class=\"x11i5rnm xat24cr x1mh8g0r x1vvkbs xtlvy1s\" style=\"text-align: center;\">Ned\u011ble ve znamen\u00ed mlad\u00fdch muzikant\u016f v kr\u00e1sn\u00e9m are\u00e1lu zahrady pivovaru Volt!<\/div>\n<div class=\"x11i5rnm xat24cr x1mh8g0r x1vvkbs xtlvy1s\" style=\"text-align: center;\"><\/div>\n<div style=\"text-align: center;\"><span style=\"color: #3366ff;\"><strong>Na velk\u00e9m p\u00f3diu vystoup\u00ed:<\/strong><\/span><\/div>\n<div style=\"text-align: center;\"><\/div>\n<div><\/div>\n<div style=\"text-align: center;\"><strong>&#8211; GRAUSCHWANZ &#8211;\u00a0<\/strong><\/div>\n<div style=\"text-align: center;\">Kapela vznikla kolem kokos\u00e1ka Ondry Pol\u00e1ka, ve t\u0159\u00edd\u011b na Randovce. Hraj\u00ed p\u00edsni\u010dky od kapely Brountosau\u0159i, ale tak\u00e9 maj\u00ed kr\u00e1sn\u00e9 autorsk\u00e9 kousky. Jejich fungov\u00e1n\u00ed je ohro\u017eeno r\u016fzn\u00fdmi vysok\u00fdmi \u0161kolami, kam se t\u011b\u010f jednotliv\u00ed \u010dlenov\u00e9 rozprchli&#8230; tak\u017ee vystoupen\u00ed na t\u00e9to akci je v\u00fdjime\u010dn\u00e9 a my si toho moc v\u00e1\u017e\u00edme! Loni nato\u010dili sv\u00e9 CD pro kamar\u00e1dy a zn\u00e1m\u00e9.<\/div>\n<div style=\"text-align: center;\"><img loading=\"lazy\" class=\"aligncenter size-full wp-image-1573\" src=\"http:\/\/www.studiokokos.cz\/wp-content\/uploads\/2023\/05\/278857751_160327246399678_1071892389914522792_n.jpg\" alt=\"\" width=\"2048\" height=\"1365\" srcset=\"https:\/\/www.studiokokos.cz\/wp-content\/uploads\/2023\/05\/278857751_160327246399678_1071892389914522792_n.jpg 2048w, https:\/\/www.studiokokos.cz\/wp-content\/uploads\/2023\/05\/278857751_160327246399678_1071892389914522792_n-300x200.jpg 300w, https:\/\/www.studiokokos.cz\/wp-content\/uploads\/2023\/05\/278857751_160327246399678_1071892389914522792_n-1024x683.jpg 1024w, https:\/\/www.studiokokos.cz\/wp-content\/uploads\/2023\/05\/278857751_160327246399678_1071892389914522792_n-768x512.jpg 768w, https:\/\/www.studiokokos.cz\/wp-content\/uploads\/2023\/05\/278857751_160327246399678_1071892389914522792_n-1536x1024.jpg 1536w, https:\/\/www.studiokokos.cz\/wp-content\/uploads\/2023\/05\/278857751_160327246399678_1071892389914522792_n-450x300.jpg 450w, https:\/\/www.studiokokos.cz\/wp-content\/uploads\/2023\/05\/278857751_160327246399678_1071892389914522792_n-1320x880.jpg 1320w\" sizes=\"(max-width: 2048px) 100vw, 2048px\" \/><\/div>\n<div><\/div>\n<div style=\"text-align: center;\"><strong>&#8211; DOLY P\u0158ES CEL\u00dd HORY &#8211;<\/strong><\/div>\n<div style=\"text-align: center;\">Kokos\u00e1ck\u00e1 t\u0159\u00ed\u010dlenn\u00e1 kapelka, s\u00e9gry Bauerovy a Sof\u010da Vojt\u00ed\u0161kov\u00e1. \u00a0Maj\u00ed \u00fadern\u00fd a zapamatovateln\u00fd vlastn\u00ed songy, d\u011blaj\u00ed ov\u0161em i covery. Prezentuj\u00ed Jablonec na celorepublikov\u00fdch hudebn\u00edch sout\u011b\u017e\u00edch a \u010dasto z\u00edsk\u00e1vaj\u00ed i ocen\u011bn\u00ed. Posledn\u00ed m\u011bs\u00edce se v\u011bnuj\u00ed p\u0159ed\u011bl\u00e1v\u00e1n\u00edm p\u00edsni\u010dek s looprem a vystoupen\u00ed tak z\u00edsk\u00e1v\u00e1 \u00fapln\u011b jin\u00fd rozm\u011br!<\/div>\n<div><img loading=\"lazy\" class=\"aligncenter size-full wp-image-1574\" src=\"http:\/\/www.studiokokos.cz\/wp-content\/uploads\/2023\/05\/346111158_627163805962030_8315554476444385948_n.jpg\" alt=\"\" width=\"811\" height=\"571\" srcset=\"https:\/\/www.studiokokos.cz\/wp-content\/uploads\/2023\/05\/346111158_627163805962030_8315554476444385948_n.jpg 811w, https:\/\/www.studiokokos.cz\/wp-content\/uploads\/2023\/05\/346111158_627163805962030_8315554476444385948_n-300x211.jpg 300w, https:\/\/www.studiokokos.cz\/wp-content\/uploads\/2023\/05\/346111158_627163805962030_8315554476444385948_n-768x541.jpg 768w, https:\/\/www.studiokokos.cz\/wp-content\/uploads\/2023\/05\/346111158_627163805962030_8315554476444385948_n-426x300.jpg 426w\" sizes=\"(max-width: 811px) 100vw, 811px\" \/><\/div>\n<div><\/div>\n<div style=\"text-align: center;\"><strong>&#8211; JAN OMBRE BLAHYNKA &#8211;<\/strong><\/div>\n<div style=\"text-align: center;\">Jeden ze zakladatel\u016f Kokosu! Ombre je p\u016fvodem z moravsk\u00e9ho m\u011bste\u010dka Blatnice pod sv.Anton\u00ednkem, ale v Jablonci bydlel tak t\u0159i roky, kdy se zapojoval do kokos\u00edho d\u011bn\u00ed a akc\u00ed. Rozjel s n\u00e1mi indi\u00e1nsk\u00e9 t\u00e1bory i hudebn\u00ed v\u00edkendy. Nato\u010dil sv\u00e9 s\u00f3lov\u00e9 autorsk\u00e9 CD. Aktu\u00e1ln\u011b vystupuje s brn\u011bnskou kapelou V\u00edna a u\u017e n\u011bkolik let moderuje fin\u00e1le hudebn\u00ed sout\u011b\u017ee Br\u00e1na. S\u00f3lov\u00e9 dr\u00e1ze se u\u017e tolik nev\u011bnuje, proto si v\u00e1\u017e\u00edme toho, \u017ee za n\u00e1mi doraz\u00ed na na\u0161i oslavu! Zahraje n\u00e1m! A odmoderuje \u010d\u00e1st odpoledne!<\/div>\n<div><img loading=\"lazy\" class=\"aligncenter size-full wp-image-1575\" src=\"http:\/\/www.studiokokos.cz\/wp-content\/uploads\/2023\/05\/1412474_10201683634926674_526673129_o.jpg\" alt=\"\" width=\"2000\" height=\"1331\" srcset=\"https:\/\/www.studiokokos.cz\/wp-content\/uploads\/2023\/05\/1412474_10201683634926674_526673129_o.jpg 2000w, https:\/\/www.studiokokos.cz\/wp-content\/uploads\/2023\/05\/1412474_10201683634926674_526673129_o-300x200.jpg 300w, https:\/\/www.studiokokos.cz\/wp-content\/uploads\/2023\/05\/1412474_10201683634926674_526673129_o-1024x681.jpg 1024w, https:\/\/www.studiokokos.cz\/wp-content\/uploads\/2023\/05\/1412474_10201683634926674_526673129_o-768x511.jpg 768w, https:\/\/www.studiokokos.cz\/wp-content\/uploads\/2023\/05\/1412474_10201683634926674_526673129_o-1536x1022.jpg 1536w, https:\/\/www.studiokokos.cz\/wp-content\/uploads\/2023\/05\/1412474_10201683634926674_526673129_o-451x300.jpg 451w, https:\/\/www.studiokokos.cz\/wp-content\/uploads\/2023\/05\/1412474_10201683634926674_526673129_o-1320x878.jpg 1320w\" sizes=\"(max-width: 2000px) 100vw, 2000px\" \/><\/div>\n<div><\/div>\n<div style=\"text-align: center;\"><strong>&#8211; S\u00d3LIST\u00c9 STUDIA KOKOS &#8211;\u00a0<\/strong><\/div>\n<div style=\"text-align: center;\">E. Jarou\u0161ov\u00e1, A. Ko\u010d\u00e1rkov\u00e1, K. \u010cemusov\u00e1<\/div>\n<div style=\"text-align: center;\">S\u00f3listky, kter\u00e9 aktu\u00e1ln\u00ed roky reprezentuj\u00ed Jablonec na hudebn\u00edch sout\u011b\u017e\u00edch, skl\u00e1daj\u00ed vlastn\u00ed p\u00edsni\u010dky a z\u00edskaly nebo byli v nominaci o na\u0161i intern\u00ed cenu &#8211; Kovan\u00e9ho Kokos\u00e1ka.<\/div>\n<div><\/div>\n<div><\/div>\n<div style=\"text-align: center;\"><strong>&#8211; VENDULA SALABOV\u00c1 &amp; FOUR ENOUGH &#8211;<\/strong><\/div>\n<div style=\"text-align: center;\">Vendulka nastoupila do Kokosu, kdy\u017e j\u00ed bylo 6 let. Od t\u00e9 doby byla na ka\u017ed\u00e9m hudebn\u00edm v\u00edkendu, t\u00e1boru i indi\u00e1nech. V\u011bnuje se klav\u00edru a s\u00f3lov\u00e9mu zp\u011bvu. Tak ji to chytlo, \u017ee se kousla, za\u010dala makat a dostala se na Pra\u017eskou konzervato\u0159 na obor pop zp\u011bv a dal\u0161\u00ed rok si p\u0159ibrala obor bic\u00ed. Dnes p\u0159ijede s tlupou muzikant\u016f, se kter\u00fdmi se v Praze potkala. Vendulka je kokosa\u010dka od \u00fapln\u00e9ho z\u00e1kladu, jsme na ni moc hrd\u00ed a t\u011b\u0161\u00edme se na jej\u00ed vystoupen\u00ed! Baskytara &#8211; Jakub Kliment Bic\u00ed &#8211; Vojta Ber\u00e1nek Kl\u00e1vesy &#8211; Timur Bere\u017enyj.<\/div>\n<div><img loading=\"lazy\" class=\"aligncenter size-full wp-image-1584\" src=\"http:\/\/www.studiokokos.cz\/wp-content\/uploads\/2023\/05\/40671503_2214178442181457_133166569114042368_n.jpg\" alt=\"\" width=\"2048\" height=\"1365\" srcset=\"https:\/\/www.studiokokos.cz\/wp-content\/uploads\/2023\/05\/40671503_2214178442181457_133166569114042368_n.jpg 2048w, https:\/\/www.studiokokos.cz\/wp-content\/uploads\/2023\/05\/40671503_2214178442181457_133166569114042368_n-300x200.jpg 300w, https:\/\/www.studiokokos.cz\/wp-content\/uploads\/2023\/05\/40671503_2214178442181457_133166569114042368_n-1024x683.jpg 1024w, https:\/\/www.studiokokos.cz\/wp-content\/uploads\/2023\/05\/40671503_2214178442181457_133166569114042368_n-768x512.jpg 768w, https:\/\/www.studiokokos.cz\/wp-content\/uploads\/2023\/05\/40671503_2214178442181457_133166569114042368_n-1536x1024.jpg 1536w, https:\/\/www.studiokokos.cz\/wp-content\/uploads\/2023\/05\/40671503_2214178442181457_133166569114042368_n-450x300.jpg 450w, https:\/\/www.studiokokos.cz\/wp-content\/uploads\/2023\/05\/40671503_2214178442181457_133166569114042368_n-1320x880.jpg 1320w\" sizes=\"(max-width: 2048px) 100vw, 2048px\" \/><\/div>\n<div><\/div>\n<div style=\"text-align: center;\"><strong>&#8211; VELKOLEP\u00c1 M\u00d3DN\u00cd P\u0158EHL\u00cdDKA &#8211;<\/strong><\/div>\n<div style=\"text-align: center;\">Chcete n\u00e1s vid\u011bt v tom, v \u010dem jste je\u0161t\u011b nevid\u011bli? U\u017e\u00edt si show na \u010derven\u00e9m koberci, kterou v\u00e1m m\u016f\u017eeme nab\u00eddnout jen my? Cht\u011bli byste si n\u011bjak\u00fd megakrutop\u0159\u00edsn\u00fd kost\u00fdm vydra\u017eit a m\u00edt doma? Rozhodn\u011b si nenechte uj\u00edt tuto show!!!<\/div>\n<div><\/div>\n<div><\/div>\n<div style=\"text-align: center;\"><strong>&#8211; DOLAD\u00cdME! &#8211;<\/strong><\/div>\n<div style=\"text-align: center;\">Kapela poskl\u00e1dan\u00e1 kolem p\u016fvodn\u011b kokos\u00e1ck\u00e9 zp\u011bva\u010dky Terezy Sejnov\u00e9. Ta u n\u00e1s fungovala n\u011bkolik let jako s\u00f3listka, n\u011bkolikr\u00e1t reprezentovala na fin\u00e1l\u00edch hudebn\u00edch sout\u011b\u017e\u00ed po cel\u00e9 \u010cR. Jej\u00ed cesta pak sm\u011b\u0159ovala do jabloneck\u00e9 ZU\u0160, kde se zamilovala a stala se sou\u010d\u00e1st\u00ed par\u00e1dn\u00ed funkov\u00fd kapely Dolad\u00edme! S touto sestavou m\u00e1me p\u0159\u00e1telsk\u00fd kamar\u00e1dsk\u00fd vztah a jsme moc r\u00e1di, \u017ee p\u0159ijali pozv\u00e1n\u00ed a zahraj\u00ed na na\u0161ich oslav\u00e1ch!<\/div>\n<div><img loading=\"lazy\" class=\"aligncenter size-full wp-image-1580\" src=\"http:\/\/www.studiokokos.cz\/wp-content\/uploads\/2023\/05\/346113172_753917753401935_6109815974456886274_n.jpg\" alt=\"\" width=\"1125\" height=\"1359\" srcset=\"https:\/\/www.studiokokos.cz\/wp-content\/uploads\/2023\/05\/346113172_753917753401935_6109815974456886274_n.jpg 1125w, https:\/\/www.studiokokos.cz\/wp-content\/uploads\/2023\/05\/346113172_753917753401935_6109815974456886274_n-248x300.jpg 248w, https:\/\/www.studiokokos.cz\/wp-content\/uploads\/2023\/05\/346113172_753917753401935_6109815974456886274_n-848x1024.jpg 848w, https:\/\/www.studiokokos.cz\/wp-content\/uploads\/2023\/05\/346113172_753917753401935_6109815974456886274_n-768x928.jpg 768w, https:\/\/www.studiokokos.cz\/wp-content\/uploads\/2023\/05\/346113172_753917753401935_6109815974456886274_n-300x362.jpg 300w\" sizes=\"(max-width: 1125px) 100vw, 1125px\" \/><\/div>\n<div><\/div>\n<div style=\"text-align: center;\"><strong>&#8211; KTZ A ANNIE PITY &#8211;\u00a0<\/strong><\/div>\n<div style=\"text-align: center;\">\n<p>To je sestavi\u010dka, v\u00e1\u017een\u00ed! \ud83d\ude42 Za\u010dnu duem KTZ, jak si mlad\u00ed gentlemani sami \u0159\u00edkaj\u00ed, klub tajn\u00fdch zahradn\u00edk\u016f. Tom\u00e1\u0161 Doktor &#8211; kokos\u00e1k jak poleno, kter\u00fd odehr\u00e1l a odzp\u00edval mnoho na\u0161ich akc\u00ed a p\u0159ivezl plno ocen\u011bn\u00ed z hudebn\u00edch sout\u011b\u017e\u00ed. Jeho mu\u017en\u00fd charismatick\u00fd hlubok\u00fd hlas doplnil k\u00e1mo\u0161, vynikaj\u00edc\u00ed multiinstrumentalista a te\u010f u\u017e i ob\u010dasn\u00fd kokos\u00ed lektor Kuba \u010cabr\u00e1dek \ud83d\ude42 Spole\u010dn\u011b tvo\u0159\u00ed a vystupuj\u00ed. Jejich spolupr\u00e1ce nabrala obr\u00e1tky s d\u00e1msk\u00fdm VeeLeem duem, kter\u00e9 bohu\u017eel nem\u016f\u017ee dnes vystoupit. Ale program budou kombinovat s kokos\u00ed lektorkou a velmi \u0161ikovnou muzikantkou Annie Pity. Jednou doprovod\u00ed ona je a pak zas oni ji. Nev\u00e1hejte a dora\u017ete!<\/p>\n<\/div>\n<div><img loading=\"lazy\" class=\"aligncenter size-full wp-image-1576\" src=\"http:\/\/www.studiokokos.cz\/wp-content\/uploads\/2023\/05\/285190677_324236919898150_7033507842357792187_n.jpg\" alt=\"\" width=\"1471\" height=\"892\" srcset=\"https:\/\/www.studiokokos.cz\/wp-content\/uploads\/2023\/05\/285190677_324236919898150_7033507842357792187_n.jpg 1471w, https:\/\/www.studiokokos.cz\/wp-content\/uploads\/2023\/05\/285190677_324236919898150_7033507842357792187_n-300x182.jpg 300w, https:\/\/www.studiokokos.cz\/wp-content\/uploads\/2023\/05\/285190677_324236919898150_7033507842357792187_n-1024x621.jpg 1024w, https:\/\/www.studiokokos.cz\/wp-content\/uploads\/2023\/05\/285190677_324236919898150_7033507842357792187_n-768x466.jpg 768w, https:\/\/www.studiokokos.cz\/wp-content\/uploads\/2023\/05\/285190677_324236919898150_7033507842357792187_n-495x300.jpg 495w, https:\/\/www.studiokokos.cz\/wp-content\/uploads\/2023\/05\/285190677_324236919898150_7033507842357792187_n-1320x800.jpg 1320w\" sizes=\"(max-width: 1471px) 100vw, 1471px\" \/><\/div>\n<div><\/div>\n<div style=\"text-align: center;\"><strong>&#8211; BLUENIGHT &#8211;<\/strong><\/div>\n<div style=\"text-align: center;\">J\u00e9\u00e9\u00e9! To je u\u017e docela historie! Ale snad i kv\u016fli na\u0161emu v\u00fdro\u010d\u00ed se tato jabloneck\u00e1 mlad\u00e1 bluegrassov\u00e1 kokos\u00ed sestava sejde a zahraj\u00ed! Tolik spole\u010dn\u00fdch t\u00e1bor\u016f, v\u00edkend\u016f, sout\u011b\u017e\u00ed a spole\u010dn\u00fdch z\u00e1\u017eitk\u016f (a fotek!). Tato sestava rozhodn\u011b pat\u0159\u00ed mezi dlouhodob\u00e9 z\u00e1\u0159\u00edc\u00ed hv\u011bzdy Kokosu. Mark\u00e9ta Pol\u00e1kov\u00e1, kter\u00e1 je jedna z hlavn\u00edch autorek jejich p\u00edsni\u010dek, je u\u017e mnohaletou kokos\u00ed lektorkou a jej\u00ed \u017e\u00e1ci u\u017e obj\u00ed\u017ed\u011bj\u00ed hudebn\u00ed fin\u00e1le sout\u011b\u017e\u00ed tak, jako tenkr\u00e1t ona s n\u00e1mi \ud83d\ude42 Vojta hraje na banjo s prof\u00edkama z Prahy, Niky sama u\u010d\u00ed kytary a v\u011bnuje se herectv\u00ed v Hodkovic\u00edch a v\u011b\u0159\u00edm, \u017ee i David s K\u00e1jou si n\u011bkdy zahraj\u00ed nebo zazp\u00edvaj\u00ed pro radost. Moc si v\u00e1\u017e\u00edme toho, \u017ee n\u00e1m k\u00fdvli na pozv\u00e1n\u00ed!<\/div>\n<div><img loading=\"lazy\" class=\"aligncenter size-full wp-image-1577\" src=\"http:\/\/www.studiokokos.cz\/wp-content\/uploads\/2023\/05\/229753872_2078615888973354_2948564024986377235_n.jpg\" alt=\"\" width=\"855\" height=\"695\" srcset=\"https:\/\/www.studiokokos.cz\/wp-content\/uploads\/2023\/05\/229753872_2078615888973354_2948564024986377235_n.jpg 855w, https:\/\/www.studiokokos.cz\/wp-content\/uploads\/2023\/05\/229753872_2078615888973354_2948564024986377235_n-300x244.jpg 300w, https:\/\/www.studiokokos.cz\/wp-content\/uploads\/2023\/05\/229753872_2078615888973354_2948564024986377235_n-768x624.jpg 768w, https:\/\/www.studiokokos.cz\/wp-content\/uploads\/2023\/05\/229753872_2078615888973354_2948564024986377235_n-369x300.jpg 369w\" sizes=\"(max-width: 855px) 100vw, 855px\" \/><\/div>\n<div style=\"text-align: center;\"><strong>&#8211; ORNAMENT &#8211;<\/strong><\/div>\n<div style=\"text-align: center;\">Chcete poslechnout trochu kokos\u00edho rocku? N\u00e1\u0159ez na\u0161ich kokos\u00edch vych\u00e1zej\u00edc\u00edch Ornament\u016f si poslechnete ke konci na\u0161eho slav\u00edc\u00edho odpoledne. Za\u010d\u00ednali jako duo Luk\u00e1\u0161 a Eli\u0161ka Ko\u010d\u00e1rkovi s klav\u00edrem a kytarou, velmi rychle se rozrostli do kapely, za cajonem a pozd\u011bji za bic\u00edmi maj\u00ed br\u00e1chu \u0160t\u011bp\u00e1na, kter\u00fd vysb\u00edral mraky cen na hudebn\u00edch sout\u011b\u017e\u00edch za instrument\u00e1ln\u00ed v\u00fdkon na bic\u00ed. N\u011bkolik let byl za basou Jon\u00e1\u0161 Kurilla, kter\u00fd p\u0159edal basov\u00e9 \u017eezlo Ane\u017ece Pal\u00e1nov\u00e9. V t\u00e9to sestav\u011b odehr\u00e1li mnoho koncert\u016f po cel\u00e9 \u010cR, zvou si je na festivali a za\u010d\u00ednaj\u00ed \u017e\u00edt sv\u00fdm vlastn\u00edm kapeln\u00edm \u017eivotem. Pok\u0159tili u\u017e i autorsk\u00e9 CD! Jejich fanou\u0161kovsk\u00e1 z\u00e1kladna roste a jejich klipy na youtube kan\u00e1lu maj\u00ed \u00fasp\u011bchy! Stavte se zask\u00e1kat si do prvn\u00ed \u0159ady, rozhodn\u011b tam nebudete sami!<\/div>\n<div><img loading=\"lazy\" class=\"aligncenter size-full wp-image-1578\" src=\"http:\/\/www.studiokokos.cz\/wp-content\/uploads\/2023\/05\/327058959_565037065531024_1527712643708790427_n.jpg\" alt=\"\" width=\"960\" height=\"640\" srcset=\"https:\/\/www.studiokokos.cz\/wp-content\/uploads\/2023\/05\/327058959_565037065531024_1527712643708790427_n.jpg 960w, https:\/\/www.studiokokos.cz\/wp-content\/uploads\/2023\/05\/327058959_565037065531024_1527712643708790427_n-300x200.jpg 300w, https:\/\/www.studiokokos.cz\/wp-content\/uploads\/2023\/05\/327058959_565037065531024_1527712643708790427_n-768x512.jpg 768w, https:\/\/www.studiokokos.cz\/wp-content\/uploads\/2023\/05\/327058959_565037065531024_1527712643708790427_n-450x300.jpg 450w\" sizes=\"(max-width: 960px) 100vw, 960px\" \/><\/div>\n<div style=\"text-align: center;\"><strong>&#8211; POPCORN &#8211;<\/strong><\/div>\n<div style=\"text-align: center;\">Kapela, kter\u00e1 uzav\u0159e celodenn\u00ed maraton mlad\u00fdch muzikant\u016f. I tato kapela m\u00e1 sv\u00e9 spojen\u00ed s Kokosem \ud83d\ude42 Jedna ze zakl\u00e1daj\u00edch \u010dlenek Karol\u00edna Rudolfov\u00e1 je t\u0159eba zrovna kokoska jak poleno. Mal\u00e9 K\u00e1je jsme na v\u00edkendech a t\u00e1borech \u010detli poh\u00e1dky a ukazovali prvn\u00ed akordy. S postupem \u010dasu si poskl\u00e1dala kapelu, u vzniku byla kokos\u00ed Ani\u010dka Pe\u0161tov\u00e1 a na el.kytaru s nimi chv\u00edli hr\u00e1l i Luk\u00e1\u0161 Ko\u010d\u00e1rek. V aktu\u00e1ln\u00ed sestav\u011b bubnuje Dan Ji\u0159\u00edk (tak\u00e9 chv\u00edli lektoroval v Kokosu) a jeden z hlavn\u00edch zp\u011bv\u016f m\u00e1 Annie Pitty \u0160kodov\u00e1, ji\u017e zmi\u0148ovan\u00e1 kokos\u00ed lektorka, kter\u00e1 m\u00e1 projekt\u016f a\u017e nad hlavu, u\u010d\u00ed ve \u0161kole a je\u0161t\u011b zvl\u00e1d\u00e1 skl\u00e1dat svoje songy. Tato kapelka hraje plesy a z\u00e1bavy, p\u0159ij\u010fte se pobavit a zazp\u00edvat si zn\u00e1m\u00e9 p\u00edsn\u011b!<\/div>\n<div><img loading=\"lazy\" class=\"aligncenter size-full wp-image-1579\" src=\"http:\/\/www.studiokokos.cz\/wp-content\/uploads\/2023\/05\/339296080_773405367318183_6421577215337584177_n.jpg\" alt=\"\" width=\"1142\" height=\"1142\" srcset=\"https:\/\/www.studiokokos.cz\/wp-content\/uploads\/2023\/05\/339296080_773405367318183_6421577215337584177_n.jpg 1142w, https:\/\/www.studiokokos.cz\/wp-content\/uploads\/2023\/05\/339296080_773405367318183_6421577215337584177_n-300x300.jpg 300w, https:\/\/www.studiokokos.cz\/wp-content\/uploads\/2023\/05\/339296080_773405367318183_6421577215337584177_n-1024x1024.jpg 1024w, https:\/\/www.studiokokos.cz\/wp-content\/uploads\/2023\/05\/339296080_773405367318183_6421577215337584177_n-150x150.jpg 150w, https:\/\/www.studiokokos.cz\/wp-content\/uploads\/2023\/05\/339296080_773405367318183_6421577215337584177_n-768x768.jpg 768w, https:\/\/www.studiokokos.cz\/wp-content\/uploads\/2023\/05\/339296080_773405367318183_6421577215337584177_n-100x100.jpg 100w\" sizes=\"(max-width: 1142px) 100vw, 1142px\" \/><\/div>\n<div><\/div>\n<div style=\"text-align: center;\"><strong><span style=\"color: #3366ff;\">Doprovodn\u00fd program:<\/span><\/strong><\/div>\n<div style=\"text-align: center;\"><\/div>\n<div style=\"text-align: center;\">&#8211; sk\u00e1kac\u00ed hrad<\/div>\n<div style=\"text-align: center;\">&#8211; fotokoutek<\/div>\n<div style=\"text-align: center;\">&#8211; vyrob si svou placku<\/div>\n<div style=\"text-align: center;\">&#8211; navl\u00e9kni si kor\u00e1lky<\/div>\n<div style=\"text-align: center;\">&#8211; bohat\u00e1 tombola<\/div>\n<div style=\"text-align: center;\"><\/div>\n<div style=\"text-align: center;\">T\u011b\u0161\u00edme se na v\u00e1s!!!!<\/div>\n","protected":false},"excerpt":{"rendered":"<p>11.6. oslav\u00edme 10 let na\u0161eho fungov\u00e1n\u00ed! Velk\u00e1 oslava na\u0161ich kokos\u00edch kulatin! \u010cek\u00e1 v\u00e1s bohat\u00fd hudebn\u00ed program a plno doprovodn\u00fdch aktivit! Popov\u00edd\u00e1me po letech nad star\u00fdmi fotografiemi z na\u0161ich za\u010d\u00e1tk\u016f? Ned\u011ble ve znamen\u00ed mlad\u00fdch muzikant\u016f v kr\u00e1sn\u00e9m are\u00e1lu zahrady pivovaru Volt! &hellip; <a href=\"https:\/\/www.studiokokos.cz\/index.php\/studio-kokos-10-let\/\">Cel\u00fd p\u0159\u00edsp\u011bvek <span class=\"meta-nav\">&rarr;<\/span><\/a><\/p>\n","protected":false},"author":1,"featured_media":0,"parent":0,"menu_order":0,"comment_status":"closed","ping_status":"closed","template":"","meta":{"spay_email":""},"_links":{"self":[{"href":"https:\/\/www.studiokokos.cz\/index.php\/wp-json\/wp\/v2\/pages\/1566"}],"collection":[{"href":"https:\/\/www.studiokokos.cz\/index.php\/wp-json\/wp\/v2\/pages"}],"about":[{"href":"https:\/\/www.studiokokos.cz\/index.php\/wp-json\/wp\/v2\/types\/page"}],"author":[{"embeddable":true,"href":"https:\/\/www.studiokokos.cz\/index.php\/wp-json\/wp\/v2\/users\/1"}],"replies":[{"embeddable":true,"href":"https:\/\/www.studiokokos.cz\/index.php\/wp-json\/wp\/v2\/comments?post=1566"}],"version-history":[{"count":12,"href":"https:\/\/www.studiokokos.cz\/index.php\/wp-json\/wp\/v2\/pages\/1566\/revisions"}],"predecessor-version":[{"id":1600,"href":"https:\/\/www.studiokokos.cz\/index.php\/wp-json\/wp\/v2\/pages\/1566\/revisions\/1600"}],"wp:attachment":[{"href":"https:\/\/www.studiokokos.cz\/index.php\/wp-json\/wp\/v2\/media?parent=1566"}],"curies":[{"name":"wp","href":"https:\/\/api.w.org\/{rel}","templated":true}]}}