{"id":212,"date":"2018-08-21T09:29:35","date_gmt":"2018-08-21T09:29:35","guid":{"rendered":"http:\/\/www.studiokokos.cz\/?page_id=212"},"modified":"2025-08-23T08:56:23","modified_gmt":"2025-08-23T08:56:23","slug":"cenik","status":"publish","type":"page","link":"https:\/\/www.studiokokos.cz\/index.php\/cenik\/","title":{"rendered":"Cen\u00edk"},"content":{"rendered":"<p>Aktu\u00e1ln\u00ed cen\u00edk na\u0161ich lekc\u00ed od 1. 9. 2025.<\/p>\n<p>P\u0159i za\u0159azov\u00e1n\u00ed do\u00a0 rozvrhu hodn\u011b z\u00e1le\u017e\u00ed na vyt\u00ed\u017eenosti lektor\u016f, kolik \u010dasu n\u00e1m daj\u00ed k dispozici. Nov\u00ed z\u00e1jemci, pokud nejste ve spojen\u00ed s konkr\u00e9tn\u00edm lektorem, pros\u00edm, vypl\u0148te \u017e\u00e1dost o za\u0159azen\u00ed do v\u00fduky, nezapome\u0148te na VYPLN\u011aN\u00cd TELEFONU. V nejbli\u017e\u0161\u00edch dnech se v\u00e1m ozveme, dle na\u0161ich mo\u017enost\u00ed.<\/p>\n<p>D\u011bkujeme za pochopen\u00ed&#8230;<\/p>\n<p><b>Studio Kokos &#8211; \u0161koln\u00ed rok 2025\/2026<\/b><\/p>\n<p><span style=\"font-weight: 400;\">INDIVIDU\u00c1N\u00cd LEKCE s lektorem Studia Kokos<\/span><\/p>\n<p><span style=\"font-weight: 400;\">60min\u00a0<\/span><\/p>\n<ul>\n<li>\u00a0<span style=\"font-weight: 400;\">6 000,- \/13lekc\u00ed<\/span><\/li>\n<li><span style=\"font-weight: 400;\">\u00a03 500,- \u00a0\/6 lekc\u00ed\u00a0<\/span><\/li>\n<\/ul>\n<p><span style=\"font-weight: 400;\">SKUPINOVKA: tedy 2-4 \u017e\u00e1ci (cena za \u017e\u00e1ka)<\/span><\/p>\n<p><span style=\"font-weight: 400;\">60min\u00a0<\/span><\/p>\n<ul>\n<li><span style=\"font-weight: 400;\">\u00a04 000,- \/13 lekc\u00ed\u00a0<\/span><\/li>\n<\/ul>\n<p><strong>VIP u Alenky<\/strong><\/p>\n<p><strong>INDIVIDUAL s Alenkou:<\/strong><\/p>\n<p><span style=\"font-weight: 400;\">60MIN\u00a0<\/span><\/p>\n<ul>\n<li><span style=\"font-weight: 400;\">11 000,- \/ 13 lekc\u00ed<\/span><\/li>\n<li><span style=\"font-weight: 400;\">5 500,-\/ 6 lekc\u00ed\u00a0<\/span><\/li>\n<li>900,-\/1 lekci<\/li>\n<\/ul>\n<p><span style=\"font-weight: 400;\">90min &#8211; pro kapely (cena za celou kapelu)<\/span><\/p>\n<ul>\n<li><span style=\"font-weight: 400;\">13 000,- \/ 13 lekc\u00ed<\/span><\/li>\n<li><span style=\"font-weight: 400;\">6 600,- \/ 6 lekc\u00ed<\/span><\/li>\n<li><span style=\"font-weight: 400;\">1200,- \/ n\u00e1razovka, 1 lekce<\/span><\/li>\n<\/ul>\n","protected":false},"excerpt":{"rendered":"<p>Aktu\u00e1ln\u00ed cen\u00edk na\u0161ich lekc\u00ed od 1. 9. 2025. P\u0159i za\u0159azov\u00e1n\u00ed do\u00a0 rozvrhu hodn\u011b z\u00e1le\u017e\u00ed na vyt\u00ed\u017eenosti lektor\u016f, kolik \u010dasu n\u00e1m daj\u00ed k dispozici. Nov\u00ed z\u00e1jemci, pokud nejste ve spojen\u00ed s konkr\u00e9tn\u00edm lektorem, pros\u00edm, vypl\u0148te \u017e\u00e1dost o za\u0159azen\u00ed do v\u00fduky, nezapome\u0148te &hellip; <a href=\"https:\/\/www.studiokokos.cz\/index.php\/cenik\/\">Cel\u00fd p\u0159\u00edsp\u011bvek <span class=\"meta-nav\">&rarr;<\/span><\/a><\/p>\n","protected":false},"author":1,"featured_media":0,"parent":0,"menu_order":0,"comment_status":"closed","ping_status":"closed","template":"","meta":{"spay_email":""},"_links":{"self":[{"href":"https:\/\/www.studiokokos.cz\/index.php\/wp-json\/wp\/v2\/pages\/212"}],"collection":[{"href":"https:\/\/www.studiokokos.cz\/index.php\/wp-json\/wp\/v2\/pages"}],"about":[{"href":"https:\/\/www.studiokokos.cz\/index.php\/wp-json\/wp\/v2\/types\/page"}],"author":[{"embeddable":true,"href":"https:\/\/www.studiokokos.cz\/index.php\/wp-json\/wp\/v2\/users\/1"}],"replies":[{"embeddable":true,"href":"https:\/\/www.studiokokos.cz\/index.php\/wp-json\/wp\/v2\/comments?post=212"}],"version-history":[{"count":6,"href":"https:\/\/www.studiokokos.cz\/index.php\/wp-json\/wp\/v2\/pages\/212\/revisions"}],"predecessor-version":[{"id":1968,"href":"https:\/\/www.studiokokos.cz\/index.php\/wp-json\/wp\/v2\/pages\/212\/revisions\/1968"}],"wp:attachment":[{"href":"https:\/\/www.studiokokos.cz\/index.php\/wp-json\/wp\/v2\/media?parent=212"}],"curies":[{"name":"wp","href":"https:\/\/api.w.org\/{rel}","templated":true}]}}