{"id":370,"date":"2019-09-02T12:36:59","date_gmt":"2019-09-02T12:36:59","guid":{"rendered":"http:\/\/www.studiokokos.cz\/?page_id=370"},"modified":"2020-09-02T12:00:46","modified_gmt":"2020-09-02T12:00:46","slug":"alenka-schernstein-vitova","status":"publish","type":"page","link":"https:\/\/www.studiokokos.cz\/index.php\/alenka-schernstein-vitova\/","title":{"rendered":"Alenka Schernstein V\u00edtov\u00e1"},"content":{"rendered":"<p>Alenka se specializuje na kytaru, popul\u00e1rn\u00ed zp\u011bv, vede Sbor studia kokos, nauku, kapely. Lze se s n\u00ed domluvit na p\u0159\u00edprav\u011b na p\u0159ij\u00edmac\u00ed zkou\u0161ky nap\u0159. na konzervato\u0159.<\/p>\n<p>S \u017e\u00e1dost\u00ed o hodiny u Alenky v n\u00ed\u017ee uveden\u00fdch \u010dasech, kontaktujte p\u0159\u00edmo ji na uveden\u00e9m telefonn\u00edm \u010d\u00edsle. Alenka bude p\u0159ij\u00edmat \u017e\u00e1dosti o hodiny a\u017e od pond\u011bl\u00ed 9.9.2019! D\u011bkujeme za pochopen\u00ed.<\/p>\n<p><a href=\"http:\/\/www.studiokokos.cz\/index.php\/cenik\/\">Ceny lekc\u00ed naleznete zde.<\/a><\/p>\n<table width=\"614\">\n<tbody>\n<tr>\n<td colspan=\"3\" width=\"614\">\n<h1>Alenka Schernstein V\u00edtov\u00e1\u00a0 +420 774 254 243<\/h1>\n<\/td>\n<\/tr>\n<tr>\n<td width=\"205\"><\/td>\n<td width=\"205\"><\/td>\n<td width=\"205\"><\/td>\n<\/tr>\n<tr>\n<td width=\"205\"><\/td>\n<td width=\"205\"><\/td>\n<td width=\"205\"><\/td>\n<\/tr>\n<\/tbody>\n<\/table>\n<p>&nbsp;<\/p>\n<h1><strong>Muzikantsk\u00fd \u017eivotopis:<\/strong><\/h1>\n<p style=\"text-align: left;\"><img loading=\"lazy\" class=\" wp-image-314 alignleft\" src=\"http:\/\/www.studiokokos.cz\/wp-content\/uploads\/2019\/08\/10403470_10203898365809585_8321144228540769614_n.jpg\" alt=\"\" width=\"136\" height=\"162\" \/>\u2022 Vystudovala jsem Pra\u017eskou Konzervato\u0159 obor<br \/>\npopul\u00e1rn\u00ed zp\u011bv u pana profesora Josefa \u0160t\u00e1gra, Vysokou \u0161kolu ekonomickou v Praze obor Arts management. V ZU\u0160 jsem vystudovala 2 cykly klav\u00edru, hraji na zobcov\u00e9 fl\u00e9tny, kytaru, basu a cajon.<br \/>\n\u2022 Od roku 2013 oficialn\u011b vedu Studio Kokos, z.s.<br \/>\n\u2022 Od roku 1998 jsem kapelnice skupiny Ladybirds, kde hraji na elektroakustickou kytaru. V \u0159\u00edjnu 2018 jsme slavily 20 let p\u016fsoben\u00ed na hudebn\u00ed sc\u00e9n\u011b. 18 let jsme ale pou\u017e\u00edvaly n\u00e1zev Beru\u0161ky. \u00dasp\u011bchy v d\u011btsk\u00fdch sout\u011b\u017e\u00edch v celost\u00e1tn\u00edch fin\u00e1l\u00edch: (D\u011btsk\u00e1 porta \u2013 5kr\u00e1t 1. m\u00edsto, Folkov\u00fd Kv\u00edtek \u2013 3kr\u00e1t 1.m\u00edsto, 7kr\u00e1t v\u00edt\u011bzstv\u00ed v div\u00e1ck\u00e9 sout\u011b\u017ei, Br\u00e1na \u2013 4kr\u00e1t 1.m\u00edsto). M\u00e1me 7 r\u016fzn\u00fdch druh\u016f CD (promo, autorsk\u00e9, vzpom\u00ednkov\u00e9) a jedno DVD (novinka). Spolupracujeme s mnoh\u00fdmi um\u011blci na jejich CD nebo spole\u010dn\u00fdch koncertech (Jaroslav Samson Lenk, Vlasta Redl, Bluesberry&#8230;) Vystupujeme na festivalech po cel\u00e9 \u010cesk\u00e9 republice i v cizin\u011b. V Berl\u00edn\u011b m\u00e1me vlastn\u00ed fanklub. Reperto\u00e1r m\u00e1me posledn\u00ed dobou p\u0159edev\u0161\u00edm anglick\u00fd, aran\u017eujeme covery na p\u00edsn\u011b z r\u016fzn\u00fdch \u017e\u00e1nr\u016f, kter\u00e9 n\u00e1s zaujmou.<br \/>\n\u2022 Do sv\u00fdch osmn\u00e1ctin jsem se v\u011bnovala s\u00f3lov\u00e9 dr\u00e1ze p\u00edsni\u010dk\u00e1\u0159ky, kter\u00e9 se ji\u017e tolik nev\u011bnuji.<\/p>\n<p>\u00dasp\u011bchy v d\u011btsk\u00fdch sout\u011b\u017e\u00edch \u2013 celost\u00e1tn\u00ed fin\u00e1le: D\u011btsk\u00e1 porta \u2013 4kr\u00e1t 1.m\u00edsto, Folkov\u00fd kv\u00edtek \u2013 2kr\u00e1t 1.m\u00edsto, 3kr\u00e1t v\u00edt\u011bzstv\u00ed v div\u00e1ck\u00e9 sout\u011b\u017ei, Br\u00e1na \u2013 4kr\u00e1t 1.m\u00edsto &#8211; v prosinci roku 2004 jsem pok\u0159tila sv\u00e9 s\u00f3lov\u00e9 autorsk\u00e9 CD \u2013 \u201eSv\u011bt se to\u010d\u00ed\u201c &#8211; m\u00e1m p\u0159es 70 autorsk\u00fdch p\u00edsn\u00ed.<br \/>\n\u2022 Od roku 2001 hraji s bluegrassovou kapelou BG Bazar, se kterou jsem vydala dv\u011b CD &#8211; \u201ePosledn\u00ed den pr\u00e1zdnin\u201c a \u201eDech mo\u0159sk\u00fdch pl\u00e1n\u00ed\u201c.<br \/>\n\u2022 P\u0159es zimn\u00ed sezonu zp\u00edv\u00e1m plesy s m\u00edstn\u00ed kapelou Bohemia Univerzal Band. Kdy\u017e vyjde voln\u00fd term\u00edn, hostuji s bigb\u00edtovou kapelou \u017d\u00edze\u0148 nebo si zorganizuji mal\u00fd recit\u00e1lek s jazzov\u00fdm pianistou.<br \/>\n\u2022 Posledn\u00ed rok vystupuji v kapele Marush Ond\u0159eje Hejmy, kde zp\u00edv\u00e1m a hraji na cajon.<br \/>\n\u2022 N\u011bkolikr\u00e1t do roka vystupuji s programem &#8220;Od Gershwina k muzik\u00e1lu&#8221;, kter\u00fd \u010dasto slou\u017e\u00ed jako v\u00fdchovn\u00fd koncert pro \u0161koly. Vystupuji zde s panem profesorem Josefem \u0160t\u00e1grem, na piano n\u00e1s doprov\u00e1z\u00ed V\u00edt\u011bslav Podrazil.<br \/>\n\u2022 Mezi m\u00e9 kon\u00ed\u010dky pat\u0159\u00ed muzika. Jsem r\u00e1da, \u017ee m\u016fj kon\u00ed\u010dek se mi stal prac\u00ed. Mezi nehudebn\u00ed z\u00e1liby pat\u0159\u00ed indi\u00e1nsk\u00e9 t\u00e1bo\u0159en\u00ed, j\u00edzda na koni, rekrea\u010dn\u00ed horolezectv\u00ed \u010di ly\u017eov\u00e1n\u00ed.<\/p>\n<p>V\u00edce o Alence na: <a href=\"http:\/\/www.alenavitova.cz\/\">www.alenavitova.cz <\/a>a na webu jej\u00ed kapely: <a href=\"https:\/\/www.berusky.eu\">www.ladybirds.eu<\/a><\/p>\n","protected":false},"excerpt":{"rendered":"<p>Alenka se specializuje na kytaru, popul\u00e1rn\u00ed zp\u011bv, vede Sbor studia kokos, nauku, kapely. Lze se s n\u00ed domluvit na p\u0159\u00edprav\u011b na p\u0159ij\u00edmac\u00ed zkou\u0161ky nap\u0159. na konzervato\u0159. S \u017e\u00e1dost\u00ed o hodiny u Alenky v n\u00ed\u017ee uveden\u00fdch \u010dasech, kontaktujte p\u0159\u00edmo ji na &hellip; <a href=\"https:\/\/www.studiokokos.cz\/index.php\/alenka-schernstein-vitova\/\">Cel\u00fd p\u0159\u00edsp\u011bvek <span class=\"meta-nav\">&rarr;<\/span><\/a><\/p>\n","protected":false},"author":1,"featured_media":0,"parent":0,"menu_order":0,"comment_status":"closed","ping_status":"closed","template":"","meta":{"spay_email":""},"_links":{"self":[{"href":"https:\/\/www.studiokokos.cz\/index.php\/wp-json\/wp\/v2\/pages\/370"}],"collection":[{"href":"https:\/\/www.studiokokos.cz\/index.php\/wp-json\/wp\/v2\/pages"}],"about":[{"href":"https:\/\/www.studiokokos.cz\/index.php\/wp-json\/wp\/v2\/types\/page"}],"author":[{"embeddable":true,"href":"https:\/\/www.studiokokos.cz\/index.php\/wp-json\/wp\/v2\/users\/1"}],"replies":[{"embeddable":true,"href":"https:\/\/www.studiokokos.cz\/index.php\/wp-json\/wp\/v2\/comments?post=370"}],"version-history":[{"count":0,"href":"https:\/\/www.studiokokos.cz\/index.php\/wp-json\/wp\/v2\/pages\/370\/revisions"}],"wp:attachment":[{"href":"https:\/\/www.studiokokos.cz\/index.php\/wp-json\/wp\/v2\/media?parent=370"}],"curies":[{"name":"wp","href":"https:\/\/api.w.org\/{rel}","templated":true}]}}