{"id":383,"date":"2019-09-02T12:46:06","date_gmt":"2019-09-02T12:46:06","guid":{"rendered":"http:\/\/www.studiokokos.cz\/?page_id=383"},"modified":"2024-03-07T19:42:23","modified_gmt":"2024-03-07T19:42:23","slug":"marcelka-jandova","status":"publish","type":"page","link":"https:\/\/www.studiokokos.cz\/index.php\/marcelka-jandova\/","title":{"rendered":"Marcelka Jandov\u00e1"},"content":{"rendered":"<p>Marcelka se specializuje na klav\u00edr a zp\u011bv.<\/p>\n<p>S \u017e\u00e1dost\u00ed o hodiny u Marcelky, kontaktujte p\u0159\u00edmo ji na uveden\u00e9m telefonn\u00edm \u010d\u00edsle. D\u011bkujeme.<\/p>\n<p><a href=\"http:\/\/www.studiokokos.cz\/index.php\/cenik\/\">Ceny lekc\u00ed naleznete zde.<\/a><\/p>\n<table style=\"height: 156px;\" width=\"587\">\n<tbody>\n<tr>\n<td colspan=\"2\" width=\"614\">\n<h1>Marcelka Jandov\u00e1 +420\u00a0731\u00a0017 184<\/h1>\n<\/td>\n<\/tr>\n<tr>\n<td width=\"307\"><\/td>\n<td width=\"307\"><\/td>\n<\/tr>\n<tr>\n<td width=\"307\"><\/td>\n<td width=\"307\"><\/td>\n<\/tr>\n<tr>\n<td width=\"307\"><\/td>\n<td width=\"307\"><\/td>\n<\/tr>\n<tr>\n<td width=\"307\"><\/td>\n<td width=\"307\"><\/td>\n<\/tr>\n<\/tbody>\n<\/table>\n<h1>Muzikantsk\u00fd \u017eivotopis:<\/h1>\n<p>Mgr. Marcela Jandov\u00e1<br \/>\nVystudovala jsem 2 cykly ZU\u0160 s n\u00e1slednou n\u00e1stavbou 3. cyklu v oborech hra na klav\u00edr, s\u00f3lov\u00fd zp\u011bv a PHV. Jsem tak\u00e9 absolventkou FP TUL (Bc.) a FF UK (Mgr.).<br \/>\nN\u011bkolik let jsem fungovala a nyn\u00ed op\u011bt funguji jako klav\u00edristka orchestru, byla jsem tak\u00e9 za kl\u00e1vesami swingov\u00e9ho sextetu a dal\u0161\u00edch projekt\u016f, m\u00e1m za sebou l\u00e9ta p\u016fsoben\u00ed jako korepetitorka tane\u010dn\u00edch soubor\u016f, d\u011btsk\u00fdch p\u011bveck\u00fdch sbor\u016f, jedno p\u011bveck\u00e9 uskupen\u00ed jsem sama zalo\u017eila a v sou\u010dasn\u00e9 dob\u011b jsem vedouc\u00ed jednoho dal\u0161\u00edho projektu. Jako zp\u011bva\u010dka jsem pro\u0161la n\u011bkolika kapelami r\u016fzn\u00fdch \u017e\u00e1nr\u016f, neboj\u00edm se klasi\u010dt\u011bj\u0161\u00edch, ale ani tvrd\u0161\u00edch\u2026 Tak\u00e9 se v\u011bnuji vlastn\u00ed tvorb\u011b &#8211; m\u00e1m zku\u0161enosti s nahr\u00e1v\u00e1n\u00edm a se z\u00e1klady produk\u010dn\u00ed \u010dinnosti. R\u00e1da porad\u00edm a navedu ke vhodn\u00fdm kontakt\u016fm i v tomto sm\u011bru \ud83d\ude42<\/p>\n<p>S d\u011btmi aktivn\u011b pracuji ji\u017e p\u0159es 14 let, sama m\u00e1m p\u0159ed\u0161koln\u00edho syna. Aktivn\u011b vyu\u010duji hudbu od roku 2014, p\u0159i\u010dem\u017e pracuji se v\u0161emi v\u011bkov\u00fdmi skupinami. P\u016fsobila jsem pedagogicky \u010d\u00e1ste\u010dn\u011b v Liberci, v Praze, v sou\u010dasn\u00e9 chv\u00edli u\u017e pouze v domovsk\u00e9m Jablonci a bl\u00edzk\u00e9m okol\u00ed. T\u0159et\u00edm rokem p\u016fsob\u00edm krom\u011b soukrom\u00e9 v\u00fduky a ostatn\u00edch hudebn\u00edch aktivit tak\u00e9 jako u\u010ditelka na 1. i 2. stupni Z\u0160. P\u0159ev\u00e1\u017en\u011b se v\u0161ak pohybuji v kulturn\u00ed sf\u00e9\u0159e, mimo jin\u00e9 tak\u00e9 u produkce\/managementu zn\u00e1m\u00e9ho rockov\u00e9ho klubu&#8230;<\/p>\n<p>Jak u\u017e jsem nazna\u010dila, pro\u0161la jsem coby klav\u00edristka\/zp\u011bva\u010dka r\u016fzn\u00fdmi t\u011blesy, m\u00e1m aktivn\u011b odehr\u00e1no i odzp\u00edv\u00e1no mnoho let, podium \u010di jevi\u0161t\u011b pro m\u011b byla druh\u00fdm domovem. Byla jsem dlouholetou \u010dlenkou\/s\u00f3listkou Jabloneck\u00e9ho komorn\u00edho orchestru, swingov\u00e9ho sextetu pod veden\u00edm Lubo\u0161e Lachmana, zahr\u00e1la jsem si orchestrem Regnis, doprov\u00e1zela jsem DPS Slune\u010dnice, n\u00e1razov\u011b jsem spolupracovala s DPS Vrab\u010d\u00e1ci, tak\u00e9 jsem fungovala jako korepetice souboru Mal\u00e1 Nisanka. Nyn\u00ed funguji v Podkrkono\u0161sk\u00e9m symfonick\u00e9m orchestru. Jako zp\u011bva\u010dka a kl\u00e1vesa\u010dka jsem nabrala zku\u0161enosti s kapelami SwingBand, 4fun, Tane\u010dn\u00ed orchestr Ladislava Bare\u0161e, Jazztet, 9431, nyn\u00ed funguji prim\u00e1rn\u011b s coverovou plesovou kapelou H!T! a autorskou grungeovou kapelou AKUA. Vedle toho tak\u00e9 p\u00ed\u0161u vlastn\u00ed p\u00edsn\u011b, se kter\u00fdmi sem tam ozvl\u00e1\u0161tn\u00edm vernis\u00e1\u017ee atp., ale ty se na ofici\u00e1ln\u00ed cestu ven teprve chystaj\u00ed \ud83d\ude42<\/p>\n<p><img loading=\"lazy\" class=\"wp-image-462 alignleft\" src=\"http:\/\/www.studiokokos.cz\/wp-content\/uploads\/2019\/09\/51100947_10210397195006023_395397377919287296_n.jpg\" alt=\"\" width=\"219\" height=\"219\" srcset=\"https:\/\/www.studiokokos.cz\/wp-content\/uploads\/2019\/09\/51100947_10210397195006023_395397377919287296_n.jpg 750w, https:\/\/www.studiokokos.cz\/wp-content\/uploads\/2019\/09\/51100947_10210397195006023_395397377919287296_n-150x150.jpg 150w, https:\/\/www.studiokokos.cz\/wp-content\/uploads\/2019\/09\/51100947_10210397195006023_395397377919287296_n-100x100.jpg 100w, https:\/\/www.studiokokos.cz\/wp-content\/uploads\/2019\/09\/51100947_10210397195006023_395397377919287296_n-300x300.jpg 300w\" sizes=\"(max-width: 219px) 100vw, 219px\" \/><\/p>\n","protected":false},"excerpt":{"rendered":"<p>Marcelka se specializuje na klav\u00edr a zp\u011bv. S \u017e\u00e1dost\u00ed o hodiny u Marcelky, kontaktujte p\u0159\u00edmo ji na uveden\u00e9m telefonn\u00edm \u010d\u00edsle. D\u011bkujeme. Ceny lekc\u00ed naleznete zde. Marcelka Jandov\u00e1 +420\u00a0731\u00a0017 184 Muzikantsk\u00fd \u017eivotopis: Mgr. Marcela Jandov\u00e1 Vystudovala jsem 2 cykly ZU\u0160 s &hellip; <a href=\"https:\/\/www.studiokokos.cz\/index.php\/marcelka-jandova\/\">Cel\u00fd p\u0159\u00edsp\u011bvek <span class=\"meta-nav\">&rarr;<\/span><\/a><\/p>\n","protected":false},"author":1,"featured_media":0,"parent":0,"menu_order":0,"comment_status":"closed","ping_status":"closed","template":"","meta":{"spay_email":""},"_links":{"self":[{"href":"https:\/\/www.studiokokos.cz\/index.php\/wp-json\/wp\/v2\/pages\/383"}],"collection":[{"href":"https:\/\/www.studiokokos.cz\/index.php\/wp-json\/wp\/v2\/pages"}],"about":[{"href":"https:\/\/www.studiokokos.cz\/index.php\/wp-json\/wp\/v2\/types\/page"}],"author":[{"embeddable":true,"href":"https:\/\/www.studiokokos.cz\/index.php\/wp-json\/wp\/v2\/users\/1"}],"replies":[{"embeddable":true,"href":"https:\/\/www.studiokokos.cz\/index.php\/wp-json\/wp\/v2\/comments?post=383"}],"version-history":[{"count":3,"href":"https:\/\/www.studiokokos.cz\/index.php\/wp-json\/wp\/v2\/pages\/383\/revisions"}],"predecessor-version":[{"id":1736,"href":"https:\/\/www.studiokokos.cz\/index.php\/wp-json\/wp\/v2\/pages\/383\/revisions\/1736"}],"wp:attachment":[{"href":"https:\/\/www.studiokokos.cz\/index.php\/wp-json\/wp\/v2\/media?parent=383"}],"curies":[{"name":"wp","href":"https:\/\/api.w.org\/{rel}","templated":true}]}}

Marcelka Jandová

<p>Marcelka se specializuje na klavír a zpěv.</p>
<p>S žádostí o hodiny u Marcelky, kontaktujte přímo ji na uvedeném telefonním čísle. Děkujeme.</p>
<p><a href="http://www.studiokokos.cz/index.php/cenik/">Ceny lekcí naleznete zde.</a></p>
<table style="height: 156px;" width="587">
<tbody>
<tr>
<td colspan="2" width="614">
<h1>Marcelka Jandová +420 731 017 184</h1>
</td>
</tr>
<tr>
<td width="307"></td>
<td width="307"></td>
</tr>
<tr>
<td width="307"></td>
<td width="307"></td>
</tr>
<tr>
<td width="307"></td>
<td width="307"></td>
</tr>
<tr>
<td width="307"></td>
<td width="307"></td>
</tr>
</tbody>
</table>
<h1>Muzikantský životopis:</h1>
<p>Mgr. Marcela Jandová<br />
Vystudovala jsem 2 cykly ZUŠ s následnou nástavbou 3. cyklu v oborech hra na klavír, sólový zpěv a PHV. Jsem také absolventkou FP TUL (Bc.) a FF UK (Mgr.).<br />
Několik let jsem fungovala a nyní opět funguji jako klavíristka orchestru, byla jsem také za klávesami swingového sextetu a dalších projektů, mám za sebou léta působení jako korepetitorka tanečních souborů, dětských pěveckých sborů, jedno pěvecké uskupení jsem sama založila a v současné době jsem vedoucí jednoho dalšího projektu. Jako zpěvačka jsem prošla několika kapelami různých žánrů, nebojím se klasičtějších, ale ani tvrdších… Také se věnuji vlastní tvorbě &#8211; mám zkušenosti s nahráváním a se základy produkční činnosti. Ráda poradím a navedu ke vhodným kontaktům i v tomto směru 🙂</p>
<p>S dětmi aktivně pracuji již přes 14 let, sama mám předškolního syna. Aktivně vyučuji hudbu od roku 2014, přičemž pracuji se všemi věkovými skupinami. Působila jsem pedagogicky částečně v Liberci, v Praze, v současné chvíli už pouze v domovském Jablonci a blízkém okolí. Třetím rokem působím kromě soukromé výuky a ostatních hudebních aktivit také jako učitelka na 1. i 2. stupni ZŠ. Převážně se však pohybuji v kulturní sféře, mimo jiné také u produkce/managementu známého rockového klubu&#8230;</p>
<p>Jak už jsem naznačila, prošla jsem coby klavíristka/zpěvačka různými tělesy, mám aktivně odehráno i odzpíváno mnoho let, podium či jeviště pro mě byla druhým domovem. Byla jsem dlouholetou členkou/sólistkou Jabloneckého komorního orchestru, swingového sextetu pod vedením Luboše Lachmana, zahrála jsem si orchestrem Regnis, doprovázela jsem DPS Slunečnice, nárazově jsem spolupracovala s DPS Vrabčáci, také jsem fungovala jako korepetice souboru Malá Nisanka. Nyní funguji v Podkrkonošském symfonickém orchestru. Jako zpěvačka a klávesačka jsem nabrala zkušenosti s kapelami SwingBand, 4fun, Taneční orchestr Ladislava Bareše, Jazztet, 9431, nyní funguji primárně s coverovou plesovou kapelou H!T! a autorskou grungeovou kapelou AKUA. Vedle toho také píšu vlastní písně, se kterými sem tam ozvláštním vernisáže atp., ale ty se na oficiální cestu ven teprve chystají 🙂</p>
<p><img loading="lazy" class="wp-image-462 alignleft" src="http://www.studiokokos.cz/wp-content/uploads/2019/09/51100947_10210397195006023_395397377919287296_n.jpg" alt="" width="219" height="219" srcset="https://www.studiokokos.cz/wp-content/uploads/2019/09/51100947_10210397195006023_395397377919287296_n.jpg 750w, https://www.studiokokos.cz/wp-content/uploads/2019/09/51100947_10210397195006023_395397377919287296_n-150x150.jpg 150w, https://www.studiokokos.cz/wp-content/uploads/2019/09/51100947_10210397195006023_395397377919287296_n-100x100.jpg 100w, https://www.studiokokos.cz/wp-content/uploads/2019/09/51100947_10210397195006023_395397377919287296_n-300x300.jpg 300w" sizes="(max-width: 219px) 100vw, 219px" /></p>

<p>Marcelka se specializuje na klavír a zpěv. S žádostí o hodiny u Marcelky, kontaktujte přímo ji na uvedeném telefonním čísle. Děkujeme. Ceny lekcí naleznete zde. Marcelka Jandová +420 731 017 184 Muzikantský životopis: Mgr. Marcela Jandová Vystudovala jsem 2 cykly ZUŠ s &hellip; <a href="https://www.studiokokos.cz/index.php/marcelka-jandova/">Celý příspěvek <span class="meta-nav">&rarr;</span></a></p>
