{"id":385,"date":"2019-09-02T12:47:04","date_gmt":"2019-09-02T12:47:04","guid":{"rendered":"http:\/\/www.studiokokos.cz\/?page_id=385"},"modified":"2019-09-05T07:45:02","modified_gmt":"2019-09-05T07:45:02","slug":"385-2","status":"publish","type":"page","link":"https:\/\/www.studiokokos.cz\/index.php\/385-2\/","title":{"rendered":"Du\u0161an Kodym"},"content":{"rendered":"<p>Du\u0161an se specializuje na hru na bic\u00ed.<\/p>\n<p>S \u017e\u00e1dost\u00ed o hodiny u Du\u0161ana, kontaktujte p\u0159\u00edmo jeho na uveden\u00e9m telefonn\u00edm \u010d\u00edsle. D\u011bkujeme.<\/p>\n<p><a href=\"http:\/\/www.studiokokos.cz\/index.php\/cenik\/\">Ceny lekc\u00ed naleznete zde.<\/a><\/p>\n<table width=\"614\">\n<tbody>\n<tr>\n<td width=\"614\">\n<h1>Du\u0161an Kodym +420\u00a0605\u00a0768 830<\/h1>\n<\/td>\n<\/tr>\n<tr>\n<td width=\"614\">Po domluv\u011b<\/td>\n<\/tr>\n<\/tbody>\n<\/table>\n<h1><strong>Muzikantsk\u00fd \u017eivotopis:<\/strong><\/h1>\n<p style=\"text-align: left;\">Tak n\u011bco o m\u00e9 osob\u011b: V 11 letech jsem poprv\u00e9 dostal do ruky pali\u010dky na bic\u00ed a bylo jasn\u00e9, \u017ee mn\u011b to bude bavit v\u00edc ne\u017e b\u011bh\u00e1n\u00ed po atletick\u00e9 dr\u00e1ze. Poslouchal jsem r\u016fznou <img loading=\"lazy\" class=\"wp-image-459 alignleft\" src=\"http:\/\/www.studiokokos.cz\/wp-content\/uploads\/2019\/09\/1779832_4099973954848_509677333_n.jpg\" alt=\"\" width=\"160\" height=\"239\" srcset=\"https:\/\/www.studiokokos.cz\/wp-content\/uploads\/2019\/09\/1779832_4099973954848_509677333_n.jpg 639w, https:\/\/www.studiokokos.cz\/wp-content\/uploads\/2019\/09\/1779832_4099973954848_509677333_n-200x300.jpg 200w\" sizes=\"(max-width: 160px) 100vw, 160px\" \/>zahrani\u010dn\u00ed muziku (v t\u00e9 dob\u011b m\u00e1lo dostupnou) a u\u010dil se ji hr\u00e1t. V 15-ti jsem za\u010dal chodit na kapely a v 16-ti v jedn\u00e9 za\u010dal hr\u00e1t. B\u011bhem m\u00e9ho muzikantsk\u00e9ho \u017eivota jsem hr\u00e1l v mnoha kapel\u00e1ch a tane\u010dn\u00edch souborech, byla to dobr\u00e1 \u0161kola a hodn\u011b zku\u0161enost\u00ed. Te\u010f hraji ve \u010dty\u0159ech st\u00e1l\u00fdch kapel\u00e1ch &#8211; Net\u0159esk (<a href=\"https:\/\/www.netresk.eu\/\">https:\/\/www.netresk.eu\/<\/a>), Se\u0161lost <a href=\"http:\/\/www.seslost.com\/\">http:\/\/www.seslost.com\/<\/a> <a href=\"http:\/\/www.seslost.com\/\">,<\/a> Stanband a v koncertn\u00ed kapele DNA Brothers a pak z\u00e1skoky za buben\u00edky z jin\u00fdch kapel.<\/p>\n","protected":false},"excerpt":{"rendered":"<p>Du\u0161an se specializuje na hru na bic\u00ed. S \u017e\u00e1dost\u00ed o hodiny u Du\u0161ana, kontaktujte p\u0159\u00edmo jeho na uveden\u00e9m telefonn\u00edm \u010d\u00edsle. D\u011bkujeme. Ceny lekc\u00ed naleznete zde. Du\u0161an Kodym +420\u00a0605\u00a0768 830 Po domluv\u011b Muzikantsk\u00fd \u017eivotopis: Tak n\u011bco o m\u00e9 osob\u011b: V 11 &hellip; <a href=\"https:\/\/www.studiokokos.cz\/index.php\/385-2\/\">Cel\u00fd p\u0159\u00edsp\u011bvek <span class=\"meta-nav\">&rarr;<\/span><\/a><\/p>\n","protected":false},"author":1,"featured_media":0,"parent":0,"menu_order":0,"comment_status":"closed","ping_status":"closed","template":"","meta":{"spay_email":""},"_links":{"self":[{"href":"https:\/\/www.studiokokos.cz\/index.php\/wp-json\/wp\/v2\/pages\/385"}],"collection":[{"href":"https:\/\/www.studiokokos.cz\/index.php\/wp-json\/wp\/v2\/pages"}],"about":[{"href":"https:\/\/www.studiokokos.cz\/index.php\/wp-json\/wp\/v2\/types\/page"}],"author":[{"embeddable":true,"href":"https:\/\/www.studiokokos.cz\/index.php\/wp-json\/wp\/v2\/users\/1"}],"replies":[{"embeddable":true,"href":"https:\/\/www.studiokokos.cz\/index.php\/wp-json\/wp\/v2\/comments?post=385"}],"version-history":[{"count":0,"href":"https:\/\/www.studiokokos.cz\/index.php\/wp-json\/wp\/v2\/pages\/385\/revisions"}],"wp:attachment":[{"href":"https:\/\/www.studiokokos.cz\/index.php\/wp-json\/wp\/v2\/media?parent=385"}],"curies":[{"name":"wp","href":"https:\/\/api.w.org\/{rel}","templated":true}]}}