{"id":542,"date":"2019-09-30T11:19:59","date_gmt":"2019-09-30T11:19:59","guid":{"rendered":"http:\/\/www.studiokokos.cz\/?page_id=542"},"modified":"2020-09-02T12:03:58","modified_gmt":"2020-09-02T12:03:58","slug":"sona-dlugosova","status":"publish","type":"page","link":"https:\/\/www.studiokokos.cz\/index.php\/sona-dlugosova\/","title":{"rendered":"So\u0148a Dlugo\u0161ov\u00e1"},"content":{"rendered":"<p>So\u0148a se specializuje na hru na kytaru a baskytaru.<\/p>\n<p>S \u017e\u00e1dost\u00ed o hodiny u Soni v n\u00ed\u017ee uveden\u00fdch \u010dasech, kontaktujte p\u0159\u00edmo ji na uveden\u00e9m telefonn\u00edm \u010d\u00edsle. D\u011bkujeme.<\/p>\n<p><a href=\"http:\/\/www.studiokokos.cz\/index.php\/cenik\/\">Ceny lekc\u00ed naleznete zde.<\/a><\/p>\n<hr \/>\n<p><strong>So\u0148a Dlugo\u0161ov\u00e1\u00a0 +420 739 045 288<\/strong><\/p>\n<hr \/>\n<p>&nbsp;<\/p>\n<p><strong>Muzikantsk\u00fd \u017eivotopis:<\/strong><\/p>\n<p>Jsem absolventka St\u0159edn\u00ed pedagogick\u00e9 \u0161koly v Most\u011b. Kytarov\u00e9 h\u0159e se v\u011bnuji 25 let.<img loading=\"lazy\" class=\"wp-image-557 alignright\" src=\"http:\/\/www.studiokokos.cz\/wp-content\/uploads\/2019\/10\/FB_IMG_1569873505120.jpg\" alt=\"\" width=\"218\" height=\"165\" srcset=\"https:\/\/www.studiokokos.cz\/wp-content\/uploads\/2019\/10\/FB_IMG_1569873505120.jpg 720w, https:\/\/www.studiokokos.cz\/wp-content\/uploads\/2019\/10\/FB_IMG_1569873505120-300x225.jpg 300w, https:\/\/www.studiokokos.cz\/wp-content\/uploads\/2019\/10\/FB_IMG_1569873505120-400x300.jpg 400w\" sizes=\"(max-width: 218px) 100vw, 218px\" \/><\/p>\n<p>18 let se aktivn\u011b v\u011bnuji i h\u0159e na basovou kytaru a zp\u011bvu.<\/p>\n<p>8 let jsem soukrom\u011b vyu\u010dovala d\u011bti v h\u0159e na kytaru a zp\u011bv. Vedla jsem z\u00e1jmov\u00e9 krou\u017eky v h\u0159e na kytaru, zp\u011bv ve \u0161koln\u00ed dru\u017ein\u011b.<\/p>\n<p>Dosud aktivn\u011b hraji na basovou kytaru a zp\u00edv\u00e1m v bluegrass kapele Namoll.<img loading=\"lazy\" class=\"wp-image-558 alignright\" src=\"http:\/\/www.studiokokos.cz\/wp-content\/uploads\/2019\/10\/FB_IMG_1570004135401.jpg\" alt=\"\" width=\"186\" height=\"126\" \/><\/p>\n","protected":false},"excerpt":{"rendered":"<p>So\u0148a se specializuje na hru na kytaru a baskytaru. S \u017e\u00e1dost\u00ed o hodiny u Soni v n\u00ed\u017ee uveden\u00fdch \u010dasech, kontaktujte p\u0159\u00edmo ji na uveden\u00e9m telefonn\u00edm \u010d\u00edsle. D\u011bkujeme. Ceny lekc\u00ed naleznete zde. So\u0148a Dlugo\u0161ov\u00e1\u00a0 +420 739 045 288 &nbsp; Muzikantsk\u00fd \u017eivotopis: &hellip; <a href=\"https:\/\/www.studiokokos.cz\/index.php\/sona-dlugosova\/\">Cel\u00fd p\u0159\u00edsp\u011bvek <span class=\"meta-nav\">&rarr;<\/span><\/a><\/p>\n","protected":false},"author":1,"featured_media":0,"parent":0,"menu_order":0,"comment_status":"closed","ping_status":"closed","template":"","meta":{"spay_email":""},"_links":{"self":[{"href":"https:\/\/www.studiokokos.cz\/index.php\/wp-json\/wp\/v2\/pages\/542"}],"collection":[{"href":"https:\/\/www.studiokokos.cz\/index.php\/wp-json\/wp\/v2\/pages"}],"about":[{"href":"https:\/\/www.studiokokos.cz\/index.php\/wp-json\/wp\/v2\/types\/page"}],"author":[{"embeddable":true,"href":"https:\/\/www.studiokokos.cz\/index.php\/wp-json\/wp\/v2\/users\/1"}],"replies":[{"embeddable":true,"href":"https:\/\/www.studiokokos.cz\/index.php\/wp-json\/wp\/v2\/comments?post=542"}],"version-history":[{"count":0,"href":"https:\/\/www.studiokokos.cz\/index.php\/wp-json\/wp\/v2\/pages\/542\/revisions"}],"wp:attachment":[{"href":"https:\/\/www.studiokokos.cz\/index.php\/wp-json\/wp\/v2\/media?parent=542"}],"curies":[{"name":"wp","href":"https:\/\/api.w.org\/{rel}","templated":true}]}}