{"id":708,"date":"2020-01-19T15:09:28","date_gmt":"2020-01-19T15:09:28","guid":{"rendered":"http:\/\/www.studiokokos.cz\/?page_id=708"},"modified":"2026-02-11T18:10:02","modified_gmt":"2026-02-11T18:10:02","slug":"hudebni-souteze","status":"publish","type":"page","link":"https:\/\/www.studiokokos.cz\/index.php\/hudebni-souteze\/","title":{"rendered":"Hudebn\u00ed sout\u011b\u017ee"},"content":{"rendered":"<div data-id=\"f5c44bd\" data-element_type=\"widget\" data-widget_type=\"image-box.default\"><span style=\"color: #008000;\"><strong>Spoluorganizujeme festival:<\/strong><\/span><\/div>\n<ul>\n<li data-id=\"f5c44bd\" data-element_type=\"widget\" data-widget_type=\"image-box.default\"><span style=\"color: #008000;\"><strong>HARMONY Fest<\/strong><\/span><\/li>\n<\/ul>\n<div data-id=\"f5c44bd\" data-element_type=\"widget\" data-widget_type=\"image-box.default\"><\/div>\n<h1><span style=\"color: #000080;\">Po\u0159\u00e1d\u00e1me region\u00e1ln\u00ed p\u0159edkola pro Severn\u00ed \u010cechy t\u011bchto hudebn\u00edch sout\u011b\u017e\u00ed:<\/span><\/h1>\n<ul>\n<li>\n<h2><strong><span style=\"color: #000080;\">Porta<\/span><\/strong><\/h2>\n<\/li>\n<li>\n<h2><strong><span style=\"color: #000080;\">D\u011btsk\u00e1 Porta<\/span><\/strong><\/h2>\n<\/li>\n<li><span style=\"color: #000080;\"><strong>Br\u00e1na<\/strong><\/span><\/li>\n<\/ul>\n<p>&nbsp;<\/p>\n<ul>\n<li><span style=\"color: #008000;\"><strong>HARMONY Fest<img loading=\"lazy\" class=\"wp-image-1923 alignright\" src=\"http:\/\/www.studiokokos.cz\/wp-content\/uploads\/2025\/03\/Harmony-Fest-logo-25.png\" alt=\"\" width=\"282\" height=\"144\" \/><\/strong><\/span><\/li>\n<\/ul>\n<p><strong>HARMONY fest<\/strong> je dobro\u010dinn\u00fd hudebn\u00ed festival na podporu d\u011bt\u00ed s PAS a Cystickou fibr\u00f3zou, na kter\u00e9m prob\u011bhne fin\u00e1ln\u00ed kolo autorsko-interpreta\u010dn\u00ed sout\u011b\u017ee pro mlad\u00e9 muzikanty do 18 let. V\u00fdb\u011bru p\u0159edch\u00e1z\u00ed region\u00e1ln\u00ed kola v r\u016fzn\u00fdch m\u011bstech \u010cR. Dvan\u00e1ct solist\u016f \u010di kapel bude hodnotit porota, slo\u017een\u00e1 z v\u00fdznamn\u00fdch autor\u016f a muzikant\u016f.<\/p>\n<p>Lo\u0148sk\u00fd prvn\u00ed ro\u010dn\u00edk festivalu n\u00e1s i p\u0159es v\u0161echny nep\u0159\u00edzn\u011b osudu neodradil a prob\u011bhl! My se nyn\u00ed t\u011b\u0161\u00edme na leto\u0161n\u00ed druh\u00fd ro\u010dn\u00edk, kter\u00fd u\u017e snad bude nap\u00ednav\u00fd pouze na podiu mezi finalisty :-). Oblastn\u00ed kola se uskute\u010dn\u00ed online &#8211; do 8. 6. bude t\u0159eba poslat video autorsk\u00fdch p\u00edsn\u00ed na n\u011bkter\u00fd z n\u00e1sleduj\u00edc\u00edch oblastn\u00edch kol:<\/p>\n<h1><strong>Kontaktn\u00ed\u00a0osoby<\/strong><\/h1>\n<p>Jihomoravsk\u00e9 kolo \u25ba Martina Hrbkov\u00e1 \/\u00a0<a role=\"link\" href=\"mailto:martina.hrbkova@email.cz\">martina.hrbkova@email.cz<\/a><\/p>\n<p>Moravskoslezk\u00e9 kolo \u25ba Lenka Saka\u0159ov\u00e1 \/\u00a0<a role=\"link\" href=\"mailto:l.sakarova@seznam.cz\">l.sakarova@seznam.cz<\/a><\/p>\n<p>Stredo\u010desk\u00e9 kolo \u25ba Jindra Vinkler \/\u00a0<a role=\"link\" href=\"mailto:eldarien@seznam.cz\">eldarien@seznam.cz<\/a><\/p>\n<p>Jiho\u010desk\u00e9 kolo \u25ba DDM \u010cesk\u00fd Krumlov \u2013 Marie Smeykalov\u00e1 \/\u00a0<a role=\"link\" href=\"mailto:estetika@ddmck.cz\">estetika@ddmck.cz<\/a><\/p>\n<p>Severo\u010desk\u00e9 kolo \u25ba Studio Kokos \u2013 Hana \u010cern\u00e1 \/\u00a0<a role=\"link\" href=\"mailto:info@studiokokos.cz\">info@studiokokos.cz<\/a><\/p>\n<p>Z\u00e1pado\u010desk\u00e9 kolo \u25ba Karel Kyncl \/\u00a0<a role=\"link\" href=\"mailto:kyncl.karel@seznam.cz\">kyncl.karel@seznam.cz<\/a><\/p>\n<p><a href=\"https:\/\/docs.google.com\/forms\/d\/e\/1FAIpQLSfCX6UH5TYtliDdvYlGvtMNhZzj-HNisirZaiUlBehwyPYYrw\/viewform?usp=header\" target=\"_blank\" rel=\"noopener\"><b>P\u0159ihla\u0161ov\u00e1n\u00ed mo\u017en\u00e9 ZDE<\/b><\/a><\/p>\n<p><span style=\"color: #993300;\">FIN\u00c1LE PROB\u011aHNE 13. 9. 2025.<\/span><\/p>\n<div data-id=\"f5c44bd\" data-element_type=\"widget\" data-widget_type=\"image-box.default\">\n<p><b>v\u00edce info na <a href=\"https:\/\/harmonyfest.cz\/\" target=\"_blank\" rel=\"noopener\" data-saferedirecturl=\"https:\/\/www.google.com\/url?q=http:\/\/www.grabstejnfest.cz&amp;source=gmail&amp;ust=1737546699585000&amp;usg=AOvVaw0QWhZ0RcegzA0DdDmbrGps\">www.harmonyfest.cz<\/a><\/b><\/p>\n<\/div>\n<div data-id=\"f5c44bd\" data-element_type=\"widget\" data-widget_type=\"image-box.default\"><\/div>\n<div data-id=\"f5c44bd\" data-element_type=\"widget\" data-widget_type=\"image-box.default\">\n<hr \/>\n<\/div>\n<p>&nbsp;<\/p>\n<ul>\n<li>\n<h2><strong><span style=\"color: #000080;\">Porta\u00a0<\/span><\/strong><\/h2>\n<\/li>\n<\/ul>\n<p><img loading=\"lazy\" class=\"wp-image-712 alignright\" style=\"font-weight: 300; color: #333333;\" src=\"http:\/\/www.studiokokos.cz\/wp-content\/uploads\/2020\/01\/porta.png\" alt=\"\" width=\"143\" height=\"63\" \/><strong><span style=\"font-family: arial, sans-serif;\">Oblastn\u00ed kolo<\/span> <\/strong><span style=\"font-family: arial, sans-serif;\"><b><u>Porty<\/u><\/b><\/span> &#8211; <strong>25. 4. 2026 <b>v klubu Stage<\/b>\u00a0&#8211;<\/strong> \u00a0Jir\u00e1skova 4520\/1, 466 01 Jablonec nad Nisou.\u00a0<strong><br \/>\n<\/strong><\/p>\n<p>Sout\u011b\u017e za\u010dne v 13:00, ide\u00e1ln\u011b aby <em><strong>sout\u011b\u017e\u00edc\u00ed byli na m\u00edst\u011b nejd\u00e9le ve 12:00<\/strong><\/em>, kdy prob\u011bhne losov\u00e1n\u00ed po\u0159ad\u00ed vystupuj\u00edc\u00edch.<\/p>\n<p>Festival Porta byl zalo\u017een v roce 1967 s posl\u00e1n\u00edm popularizace a rozvoje zejm\u00e9na trampsk\u00e9, country, bluegrassov\u00e9 a folkov\u00e9 hudby. Sou\u010dasn\u00e1 Porta na tyto historick\u00e9 skute\u010dnosti navazuje, p\u0159i\u010dem\u017e sleduje p\u0159irozen\u00fd trend v\u00fdvoje nov\u00e9 autorsk\u00e9 tvorby, ani\u017e by se v p\u016fvodn\u00ed \u017e\u00e1nrov\u00e9 oblasti p\u0159\u00edsn\u011b uzav\u0159ela. Sout\u011b\u017e je <strong>slo\u017eena z kategori\u00ed interpreta\u010dn\u00ed a autorsk\u00e9 a je ur\u010den\u00e1 pro sout\u011b\u017e\u00edc\u00ed od 14 let.<\/strong><\/p>\n<p><strong>Fin\u00e1le prob\u011bhne 26. &#8211; 28. 6. 2026 v \u0158evnic\u00edch<\/strong><\/p>\n<p>P\u0159ihla\u0161ov\u00e1n\u00ed a webov\u00e9 str\u00e1nky sout\u011b\u017ee:<a href=\"https:\/\/www.porta-festival.cz\/\" target=\"_blank\" rel=\"noopener noreferrer\"> www.porta-festival.cz<\/a><\/p>\n<p>&nbsp;<\/p>\n<hr \/>\n<p>&nbsp;<\/p>\n<ul>\n<li>\n<h2><strong><span style=\"color: #000080;\">D\u011btsk\u00e1 Porta\u00a0<\/span><\/strong><\/h2>\n<\/li>\n<\/ul>\n<p><img loading=\"lazy\" class=\" wp-image-711 alignright\" src=\"http:\/\/www.studiokokos.cz\/wp-content\/uploads\/2020\/01\/porta1.jpg\" alt=\"\" width=\"71\" height=\"192\" \/><\/p>\n<p>P\u0159edkolo D\u011btsk\u00e9 Porty se uskute\u010dn\u00ed\u00a0v<b>\u00a0ned\u011bli 26. 4. 2026 v klubu Stage<\/b>\u00a0&#8211;\u00a0\u00a0Jir\u00e1skova 4520\/1, 466 01 Jablonec nad Nisou.\u00a0Sout\u011b\u017e za\u010dne v 14:00, ide\u00e1ln\u011b aby sout\u011b\u017e\u00edc\u00ed byli na m\u00edst\u011b nejd\u00e9le ve 13:00, kdy prob\u011bhne losov\u00e1n\u00ed po\u0159ad\u00ed vystupuj\u00edc\u00edch.<\/p>\n<p>REPUBLIKOV\u00c9 FIN\u00c1LE:\u00a0 \u00a0\u00a0<strong>29.-31.\u00a0kv\u011btna 2026<\/strong>\u00a0<b>v Krom\u011b\u0159\u00ed\u017ei.<\/b><\/p>\n<p><span style=\"font-family: arial, sans-serif;\"><a href=\"https:\/\/docs.google.com\/forms\/d\/e\/1FAIpQLSfozkhG61sWZlOdoQldDBYGntY7UbaGTwSQ_nDcrEwR-TGElA\/viewform?usp=header\" target=\"_blank\" rel=\"noopener\">P\u0159ihl\u00e1\u0161ky ZDE<\/a><\/span><\/p>\n<p><strong>Republikov\u00e9 fin\u00e1le D\u011btsk\u00e9 Porty<\/strong>, sout\u011b\u017en\u00ed p\u0159ehl\u00eddky d\u011btsk\u00e9 interpreta\u010dn\u00ed a autorsk\u00e9 tvorby folk a country skupin i jednotlivc\u016f, prob\u011bhne na n\u00e1dvo\u0159\u00ed Star\u00e9ho pivovaru (vedle radnice) v Krom\u011b\u0159\u00ed\u017ei.<\/p>\n<p>D\u011btsk\u00e1 Porta je sout\u011b\u017en\u00ed p\u0159ehl\u00eddka interpreta\u010dn\u00ed a autorsk\u00e9 tvorby jednotlivc\u016f i skupin, orientovan\u00fdch na folk, country a p\u0159\u00edbuzn\u00e9 \u017e\u00e1nry. Je rozd\u011blena do 8 v\u011bkov\u00fdch kategori\u00ed a prob\u00edh\u00e1 ve dvou stupn\u00edch. Prvn\u00edm je cca 12 oblastn\u00edch kol, konan\u00fdch na cel\u00e9m \u00fazem\u00ed \u010cR a druh\u00fdm republikov\u00e9 fin\u00e1le, do n\u011bho\u017e mohou postoupit jak v\u00edt\u011bzov\u00e9 kategori\u00ed, tak talenty na z\u00e1klad\u011b dosa\u017een\u00fdch v\u00fdsledk\u016f. <strong>Jedn\u00e1 se o otev\u0159enou hudebn\u00ed interpreta\u010dn\u00ed a autorskou sout\u011b\u017e v oblasti folk, country a podobn\u00fdch \u017e\u00e1nr\u016f pro d\u011btsk\u00e9 odd\u00edly, skupiny i jednotlivce ve v\u011bku do 20 let.<\/strong><\/p>\n<p style=\"text-align: center;\"><a href=\"https:\/\/www.pionyr.cz\/cinnost\/souteze\/sedmikvitek\/detskaporta\/rad\/\" target=\"_blank\" rel=\"noopener noreferrer\">Sout\u011b\u017en\u00ed \u0159\u00e1d k p\u0159e\u010dten\u00ed ZDE<\/a><\/p>\n<p style=\"padding-left: 40px;\">webov\u00e9 str\u00e1nky sout\u011b\u017ee: <a href=\"https:\/\/www.pionyr.cz\/cinnost\/souteze\/sedmikvitek\/detskaporta\/\" target=\"_blank\" rel=\"noopener noreferrer\">D\u011btsk\u00e1 Porta<\/a><\/p>\n<hr \/>\n<ul>\n<li>\n<h2><strong><span style=\"color: #000080;\">Br\u00e1na\u00a0<\/span><\/strong><\/h2>\n<\/li>\n<\/ul>\n<p class=\"gmail-CDt4Ke\" dir=\"ltr\">Oblastn\u00ed kolo prob\u011bhne <strong>19. 10. 2025<\/strong> v Jablonci nad Nisou v klubu Stage (Jir\u00e1skova 1, 466 01 Jablonec nad Nisou) \u010di jeho okol\u00ed.<\/p>\n<p dir=\"ltr\" style=\"text-align: center;\"><a href=\"https:\/\/docs.google.com\/forms\/d\/e\/1FAIpQLSfnqEAJhK_7yVD8XenU19w8VKuyykUG0gE12azcQZTZQCR0ig\/viewform?usp=header\" target=\"_blank\" rel=\"noopener\"><strong>P\u0159ihl\u00e1\u0161en\u00ed mo\u017en\u00e9 zde<\/strong><\/a><\/p>\n<p>Festival BR\u00c1NA je celost\u00e1tn\u00ed sout\u011b\u017en\u00ed p\u011bvecko-hudebn\u00ed p\u0159ehl\u00eddka interpretace a tvorby p\u00edsni\u010dek do p\u0159\u00edrody, k t\u00e1bor\u00e1ku, do klubovny i na p\u00f3dia, bez \u017e\u00e1nrov\u00e9ho omezen\u00ed.<br \/>\n\u2022 s\u00f3lo do 15 let<br \/>\n\u2022 s\u00f3lo do 18 let<br \/>\n\u2022 kapela nebo duo do 15 let<br \/>\n\u2022 kapela nebo duo do 18 let<br \/>\n(Horn\u00ed v\u011bkovou hranici kategorie nesm\u00ed sout\u011b\u017e\u00edc\u00ed p\u0159ekro\u010dit v kalend\u00e1\u0159n\u00edm roce, ve kter\u00e9m se kon\u00e1 celost\u00e1tn\u00ed fin\u00e1le posuzovan\u00e9ho ro\u010dn\u00edku festivalu Br\u00e1na)<\/p>\n<p>kapely a dua &#8211; 3 libovoln\u00e9 p\u00edsn\u011b<br \/>\njednotlivci &#8211; 2 libovoln\u00e9 p\u00edsn\u011b<\/p>\n<p><a href=\"https:\/\/festivalbrana.cz\/aktualni-rocnik\" target=\"_blank\" rel=\"noopener\">webov\u00e9 str\u00e1nky festivalu Br\u00e1na<\/a><\/p>\n<p>&nbsp;<\/p>\n<p><img loading=\"lazy\" class=\"aligncenter wp-image-1979\" src=\"http:\/\/www.studiokokos.cz\/wp-content\/uploads\/2025\/09\/Brana-25-1.png\" alt=\"\" width=\"331\" height=\"465\" \/><\/p>\n","protected":false},"excerpt":{"rendered":"<p>Spoluorganizujeme festival: HARMONY Fest Po\u0159\u00e1d\u00e1me region\u00e1ln\u00ed p\u0159edkola pro Severn\u00ed \u010cechy t\u011bchto hudebn\u00edch sout\u011b\u017e\u00ed: Porta D\u011btsk\u00e1 Porta Br\u00e1na &nbsp; HARMONY Fest HARMONY fest je dobro\u010dinn\u00fd hudebn\u00ed festival na podporu d\u011bt\u00ed s PAS a Cystickou fibr\u00f3zou, na kter\u00e9m prob\u011bhne fin\u00e1ln\u00ed kolo autorsko-interpreta\u010dn\u00ed &hellip; <a href=\"https:\/\/www.studiokokos.cz\/index.php\/hudebni-souteze\/\">Cel\u00fd p\u0159\u00edsp\u011bvek <span class=\"meta-nav\">&rarr;<\/span><\/a><\/p>\n","protected":false},"author":1,"featured_media":0,"parent":0,"menu_order":0,"comment_status":"closed","ping_status":"closed","template":"","meta":{"spay_email":""},"_links":{"self":[{"href":"https:\/\/www.studiokokos.cz\/index.php\/wp-json\/wp\/v2\/pages\/708"}],"collection":[{"href":"https:\/\/www.studiokokos.cz\/index.php\/wp-json\/wp\/v2\/pages"}],"about":[{"href":"https:\/\/www.studiokokos.cz\/index.php\/wp-json\/wp\/v2\/types\/page"}],"author":[{"embeddable":true,"href":"https:\/\/www.studiokokos.cz\/index.php\/wp-json\/wp\/v2\/users\/1"}],"replies":[{"embeddable":true,"href":"https:\/\/www.studiokokos.cz\/index.php\/wp-json\/wp\/v2\/comments?post=708"}],"version-history":[{"count":24,"href":"https:\/\/www.studiokokos.cz\/index.php\/wp-json\/wp\/v2\/pages\/708\/revisions"}],"predecessor-version":[{"id":2032,"href":"https:\/\/www.studiokokos.cz\/index.php\/wp-json\/wp\/v2\/pages\/708\/revisions\/2032"}],"wp:attachment":[{"href":"https:\/\/www.studiokokos.cz\/index.php\/wp-json\/wp\/v2\/media?parent=708"}],"curies":[{"name":"wp","href":"https:\/\/api.w.org\/{rel}","templated":true}]}}