{"id":1255,"date":"2022-06-05T13:58:51","date_gmt":"2022-06-05T13:58:51","guid":{"rendered":"https:\/\/www.studiokokos.cz\/?post_type=product&#038;p=1255"},"modified":"2022-06-13T18:36:40","modified_gmt":"2022-06-13T18:36:40","slug":"detska-mikina-se-zipem","status":"publish","type":"product","link":"https:\/\/www.studiokokos.cz\/index.php\/produkt\/detska-mikina-se-zipem\/","title":{"rendered":"D\u011btsk\u00e1 mikina &#8211; se zipem"},"content":{"rendered":"<h2>Parametry textilu:<\/h2>\n<p>D\u011btsk\u00e1 mikina s dvojitou kapuc\u00ed bez \u0161\u0148\u016frky, skryt\u00fd zip, dv\u011b postrann\u00ed kapsy, \u017eebrovan\u00e9 man\u017eety a lem. Mikina spl\u0148uje evropsk\u00e9 normy d\u011btsk\u00e9ho oble\u010den\u00ed.<br \/>\n<span class=\"weight-bold text-muted\">Materi\u00e1l<\/span>: 80 % bavlna Belcoro, 20 % polyester, 280 g\/m2<\/p>\n<p><strong>Tisk<\/strong><\/p>\n<p>P\u0159\u00edm\u00fd s\u00edtotisk na textil logem Studia Kokos ve V\u00e1mi zvolen\u00e9 barv\u011b <strong>NA Z\u00c1DECH!!!\u00a0<\/strong><\/p>\n<p>&nbsp;<\/p>\n<p><strong><span style=\"color: #993300;\">Informace k objedn\u00e1n\u00ed:<\/span><\/strong><\/p>\n<p><span style=\"color: #993300;\">Po odesl\u00e1n\u00ed Va\u0161\u00ed objedn\u00e1vky budeme mikiny objedn\u00e1vat hromadn\u011b 20.7.2022 ZAPLACEN\u00ddM objedn\u00e1vk\u00e1m. Dodate\u010dn\u00e9 objedn\u00e1n\u00ed nen\u00ed mo\u017en\u00e9. Vzhledem k tisku je produkt &#8220;na m\u00edru&#8221; tedy bez mo\u017enosti vr\u00e1cen\u00ed zbo\u017e\u00ed ve 14 denn\u00ed lh\u016ft\u011b. Pros\u00edm, pe\u010dliv\u011b p\u0159em\u011b\u0159te dle p\u0159ilo\u017een\u00fdch m\u00edr! Pokud by ale produkt nesedl, pl\u00e1nujeme uspo\u0159\u00e1dat i men\u0161\u00ed bazar &#8220;kokos\u00edho textilu&#8221;.<\/span><\/p>\n<p><span style=\"color: #993300;\"> Mikiny budou k vyzvednut\u00ed na letn\u00edm t\u00e1bo\u0159e Studia Kokos, tj. od 21.8. 2022 a d\u00e1le v u\u010debn\u00e1ch u Alenky Schernstein ve Studiu Kokos, z.s.<\/span><\/p>\n<p>Zakoupen\u00edm produktu podpo\u0159\u00edte chod neziskov\u00e9 organizace Studia Kokos, z.s. D\u011bkujeme!<\/p>\n","protected":false},"excerpt":{"rendered":"<p>D\u011btsk\u00e1 mikina s rozep\u00edn\u00e1n\u00edm na zip <a href=\"https:\/\/www.studiokokos.cz\/index.php\/produkt\/detska-mikina-se-zipem\/\">Cel\u00fd p\u0159\u00edsp\u011bvek <span class=\"meta-nav\">&rarr;<\/span><\/a><\/p>\n","protected":false},"featured_media":1269,"template":"","meta":{"spay_email":""},"product_cat":[17],"product_tag":[],"_links":{"self":[{"href":"https:\/\/www.studiokokos.cz\/index.php\/wp-json\/wp\/v2\/product\/1255"}],"collection":[{"href":"https:\/\/www.studiokokos.cz\/index.php\/wp-json\/wp\/v2\/product"}],"about":[{"href":"https:\/\/www.studiokokos.cz\/index.php\/wp-json\/wp\/v2\/types\/product"}],"wp:featuredmedia":[{"embeddable":true,"href":"https:\/\/www.studiokokos.cz\/index.php\/wp-json\/wp\/v2\/media\/1269"}],"wp:attachment":[{"href":"https:\/\/www.studiokokos.cz\/index.php\/wp-json\/wp\/v2\/media?parent=1255"}],"wp:term":[{"taxonomy":"product_cat","embeddable":true,"href":"https:\/\/www.studiokokos.cz\/index.php\/wp-json\/wp\/v2\/product_cat?post=1255"},{"taxonomy":"product_tag","embeddable":true,"href":"https:\/\/www.studiokokos.cz\/index.php\/wp-json\/wp\/v2\/product_tag?post=1255"}],"curies":[{"name":"wp","href":"https:\/\/api.w.org\/{rel}","templated":true}]}}

Dětská mikina &#8211; se zipem

<h2>Parametry textilu:</h2>
<p>Dětská mikina s dvojitou kapucí bez šňůrky, skrytý zip, dvě postranní kapsy, žebrované manžety a lem. Mikina splňuje evropské normy dětského oblečení.<br />
<span class="weight-bold text-muted">Materiál</span>: 80 % bavlna Belcoro, 20 % polyester, 280 g/m2</p>
<p><strong>Tisk</strong></p>
<p>Přímý sítotisk na textil logem Studia Kokos ve Vámi zvolené barvě <strong>NA ZÁDECH!!! </strong></p>
<p>&nbsp;</p>
<p><strong><span style="color: #993300;">Informace k objednání:</span></strong></p>
<p><span style="color: #993300;">Po odeslání Vaší objednávky budeme mikiny objednávat hromadně 20.7.2022 ZAPLACENÝM objednávkám. Dodatečné objednání není možné. Vzhledem k tisku je produkt &#8220;na míru&#8221; tedy bez možnosti vrácení zboží ve 14 denní lhůtě. Prosím, pečlivě přeměřte dle přiložených mír! Pokud by ale produkt nesedl, plánujeme uspořádat i menší bazar &#8220;kokosího textilu&#8221;.</span></p>
<p><span style="color: #993300;"> Mikiny budou k vyzvednutí na letním táboře Studia Kokos, tj. od 21.8. 2022 a dále v učebnách u Alenky Schernstein ve Studiu Kokos, z.s.</span></p>
<p>Zakoupením produktu podpoříte chod neziskové organizace Studia Kokos, z.s. Děkujeme!</p>

<p>Dětská mikina s rozepínáním na zip <a href="https://www.studiokokos.cz/index.php/produkt/detska-mikina-se-zipem/">Celý příspěvek <span class="meta-nav">&rarr;</span></a></p>
